{"id":2336,"date":"2023-05-22T21:30:23","date_gmt":"2023-05-22T19:30:23","guid":{"rendered":"https:\/\/itopipinnuti.fr\/?page_id=2336"},"modified":"2025-11-26T07:48:29","modified_gmt":"2025-11-26T06:48:29","slug":"la-saga-des-secours","status":"publish","type":"page","link":"https:\/\/itopipinnuti.fr\/?page_id=2336","title":{"rendered":"La saga des secours"},"content":{"rendered":"<p>Entrainements, exercices, etc.<\/p>\n<h4><span style=\"font-size: 12pt; color: #ff0000;\">1993<\/span><\/h4>\n<p><a href=\"https:\/\/itopipinnuti.fr\/exitp\/CR\/1993%2005%2008%20et%2009%20Exercice%20secours%20Francado%20et%20gouffre%20de%20Ghisoni.pdf\" target=\"_blank\" rel=\"noopener\">Samedi 8 mai 1993<\/a><br \/>\nEntrainement secours Francardo<\/p>\n<h4><span style=\"font-size: 12pt; color: #ff0000;\">1996<\/span><\/h4>\n<p><a href=\"https:\/\/itopipinnuti.fr\/exitp\/cr1996.htm#Dimanche_10_mars_1996\" target=\"_blank\" rel=\"noopener\">Dimanche 10 mars 1996<\/a><br \/>\nSp\u00e9l\u00e9o, initiation en cavit\u00e9 &#8211; Cast.1, Oletta<\/p>\n<p><a href=\"https:\/\/itopipinnuti.fr\/exitp\/cr1996.htm#Samedi_28_avril_1996\" target=\"_blank\" rel=\"noopener\">Samedi 28 avril 1996<\/a><br \/>\nSp\u00e9l\u00e9o, week-end Secours &#8211; Falaise de Francardo<\/p>\n<h4><span style=\"font-size: 12pt; color: #ff0000;\">1998<\/span><\/h4>\n<p><a href=\"https:\/\/itopipinnuti.fr\/exitp\/cr1998.htm#Samedi_4_et_Dimanche_5_avril_1998\" target=\"_blank\" rel=\"noopener\">Samedi 4 et Dimanche 5 avril 1998<\/a><br \/>\nSp\u00e9l\u00e9o, Exercice Secours &#8211; Gouffre I Luminelli, Morosaglia<\/p>\n<h4><span style=\"font-size: 12pt; color: #ff0000;\">1999<\/span><\/h4>\n<p><a href=\"https:\/\/itopipinnuti.fr\/exitp\/cr1999.htm#Jeudi_13_au_Dimanche_16_mai_1999\" target=\"_blank\" rel=\"noopener\">Jeudi 13 au Dimanche 16 mai 1999<\/a><br \/>\nSp\u00e9l\u00e9o, stage secours<\/p>\n<p><a href=\"https:\/\/itopipinnuti.fr\/exitp\/cr1999.htm#Vendredi_14_mai_1999\" target=\"_blank\" rel=\"noopener\">Vendredi 14 mai 1999<\/a><br \/>\nSp\u00e9l\u00e9o, stage secours, le second jour, la r\u00e9v\u00e9lation\u2026 le domaine A-R\u00a0! &#8211; Oletta<\/p>\n<p><a href=\"https:\/\/itopipinnuti.fr\/exitp\/cr1999.htm#Dimanche_10_octobre_1999\" target=\"_blank\" rel=\"noopener\">Dimanche 10 octobre 1999<\/a><br \/>\nSp\u00e9l\u00e9o, exercice secours &#8211; Gouffre I Luminelli, Merusaglia<\/p>\n<h4><span style=\"font-size: 12pt; color: #ff0000;\">2000<\/span><\/h4>\n<p><a href=\"https:\/\/itopipinnuti.fr\/exitp\/cr2000.htm#Vendredi_14_Samedi_15_Dimanche_16_avril_2000\" target=\"_blank\" rel=\"noopener\">Vendredi 14, Samedi 15, Dimanche 16 avril 2000<\/a><strong><br \/>\n<\/strong>Sp\u00e9l\u00e9o, exercice secours &#8211; Ghisoni<\/p>\n<h4><span style=\"font-size: 12pt; color: #ff0000;\">2001<\/span><\/h4>\n<p><a href=\"https:\/\/itopipinnuti.fr\/exitp\/cr2001.htm#Vendredi_23_samedi_24_et_dimanche_25_mars_2001_\" target=\"_blank\" rel=\"noopener\">Vendredi 23, samedi 24 et dimanche 25 mars 2001<\/a><br \/>\nSp\u00e9l\u00e9o, exercice secours Sp\u00e9l\u00e9o Secours Fran\u00e7ais &#8211; Gouffre S\u00e9bastien Risterucci, Ghisoni<\/p>\n<p><a href=\"https:\/\/itopipinnuti.fr\/exitp\/cr2001.htm#Dimanche_10_juin_2001\" target=\"_blank\" rel=\"noopener\">Dimanche 10 juin 2001<\/a><br \/>\nSp\u00e9l\u00e9o secours, exercice &#8211; Gouffre I Luminelli, Merusaglia<\/p>\n<p><a href=\"https:\/\/itopipinnuti.fr\/exitp\/cr2001.htm#Dimanche_18_novembre_2001\" target=\"_blank\" rel=\"noopener\">Dimanche 18 novembre 2001<\/a><br \/>\nSp\u00e9l\u00e9o, exercice secours &#8211; Santa Catalina, Siscu<\/p>\n<h4><span style=\"font-size: 12pt; color: #ff0000;\">2002<\/span><\/h4>\n<p><a href=\"https:\/\/itopipinnuti.fr\/exitp\/cr2002.htm#Samedi_27_avril_2002\" target=\"_blank\" rel=\"noopener\">Samedi 27 avril 2002<\/a><br \/>\nSp\u00e9l\u00e9o, entra\u00eenement aux techniques de secours sp\u00e9l\u00e9o\u00a0&#8211; Falaise du Boia, Bastia<\/p>\n<h4><span style=\"font-size: 12pt; color: #ff0000;\">2004<\/span><\/h4>\n<p><a href=\"https:\/\/itopipinnuti.fr\/exitp\/cr2004.htm#Samedi_16_octobre_2004\" target=\"_blank\" rel=\"noopener\">Samedi 16 octobre 2004<\/a><br \/>\nSp\u00e9l\u00e9o, remise \u00e0 niveau de l\u2019\u00e9quipe Sp\u00e9l\u00e9o-Secours &#8211; Falaise de Francardo, Omessa<\/p>\n<h4><span style=\"font-size: 12pt; color: #ff0000;\">2005<\/span><\/h4>\n<p><a href=\"https:\/\/itopipinnuti.fr\/exitp\/cr2005.htm#Samedi_5_fevrier_2005\" target=\"_blank\" rel=\"noopener\">Samedi 5 f\u00e9vrier 2005<\/a><br \/>\nSp\u00e9l\u00e9o, exercice secours &#8211; Cast.1, Oletta<\/p>\n<p><a href=\"https:\/\/itopipinnuti.fr\/exitp\/cr2005.htm#Samedi_26_novembre_2005\" target=\"_blank\" rel=\"noopener\">Samedi 26 novembre 2005<\/a><br \/>\nSp\u00e9l\u00e9o, exercice secours &#8211; Cast.1, Oletta<\/p>\n<h4><span style=\"font-size: 12pt; color: #ff0000;\">2006<\/span><\/h4>\n<p><a href=\"https:\/\/itopipinnuti.fr\/exitp\/cr2006.htm#Samedi_18_novembre_2006\" target=\"_blank\" rel=\"noopener\">Samedi 18 novembre 2006<\/a><br \/>\nSp\u00e9l\u00e9o, exercice sp\u00e9l\u00e9o-secours &#8211; Grotte de Lano<\/p>\n<h4><span style=\"font-size: 12pt; color: #ff0000;\">2008<\/span><\/h4>\n<p><a href=\"https:\/\/itopipinnuti.fr\/exitp\/cr2008.htm#Samedi_28_juin_2008\" target=\"_blank\" rel=\"noopener\">Samedi 28 juin 2008<\/a><br \/>\nSp\u00e9l\u00e9o, exercice SSF &#8211; Local de Montesoro, Bastia<\/p>\n<p><a href=\"https:\/\/itopipinnuti.fr\/exitp\/cr2008.htm#Dimanche_29_juin_2008\" target=\"_blank\" rel=\"noopener\">Dimanche 29 juin 2008<\/a><br \/>\nSp\u00e9l\u00e9o, exercice SSF &#8211; Grotte de Santa Catalina, Sisco<\/p>\n<h4><span style=\"font-size: 12pt; color: #ff0000;\">2009<\/span><\/h4>\n<p><a href=\"https:\/\/itopipinnuti.fr\/exitp\/cr2009.htm#Dimanche_22_fevrier_2009\" target=\"_blank\" rel=\"noopener\">Dimanche 22 f\u00e9vrier 2009<\/a><br \/>\nSp\u00e9l\u00e9o, exercice sp\u00e9l\u00e9o-secours &#8211; Grotte de Santa Catalina, Sisco<\/p>\n<h4><span style=\"font-size: 12pt; color: #ff0000;\">2011<\/span><\/h4>\n<p><a href=\"https:\/\/itopipinnuti.fr\/exitp\/cr2011.htm#Samedi_5_mars_2011_\" target=\"_blank\" rel=\"noopener\">Samedi 5 mars 2011<\/a><br \/>\nCanyon, exercice secours &#8211; Pont de Figarella, Santa Maria di Lota<\/p>\n<p><a href=\"https:\/\/itopipinnuti.fr\/exitp\/cr2011.htm#Samedi_19_mars_2011_\" target=\"_blank\" rel=\"noopener\">Samedi 19 mars 2011<\/a><br \/>\nCanyon, exercice secours &#8211; Pont de Figarella, Santa Maria di Lota<\/p>\n<p><a href=\"https:\/\/itopipinnuti.fr\/exitp\/cr2011.htm#Samedi_28_mai_2011b\" target=\"_blank\" rel=\"noopener\">Samedi 28 mai 2011<\/a><br \/>\nEntra\u00eenement sp\u00e9l\u00e9o-secours &#8211; Falaise \u00ab\u00a0U Tipponu\u00a0\u00bb, Barbaggio<\/p>\n<p><a href=\"https:\/\/itopipinnuti.fr\/exitp\/cr2011.htm#Dimanche_29_mai_2011_\" target=\"_blank\" rel=\"noopener\">Dimanche 29 mai 2011<\/a><br \/>\nEntra\u00eenement sp\u00e9l\u00e9o-secours &#8211; Grotta Santa Catalina, Sisco<\/p>\n<h4><span style=\"font-size: 12pt; color: #ff0000;\">2012<\/span><\/h4>\n<p><a href=\"https:\/\/itopipinnuti.fr\/exitp\/cr2012.htm#Dimanche_11_mars_2012\" target=\"_blank\" rel=\"noopener\">Dimanche 11 mars 2012<\/a><br \/>\nSp\u00e9l\u00e9o, exercice secours &#8211; Cast. 2, Oletta<\/p>\n<h4><span style=\"font-size: 12pt; color: #ff0000;\">2014<\/span><\/h4>\n<p><a href=\"https:\/\/itopipinnuti.fr\/exitp\/cr2014.htm#Samedi_26_avril_2014\" target=\"_blank\" rel=\"noopener\">Samedi 26 avril 2014<\/a><br \/>\nSp\u00e9l\u00e9o, entra\u00eenement sp\u00e9l\u00e9o-secours &#8211; Falaise A Tozza, Patrimonio<\/p>\n<h4><span style=\"font-size: 12pt; color: #ff0000;\">2015<\/span><\/h4>\n<p><a href=\"https:\/\/itopipinnuti.fr\/exitp\/cr2015.htm#Samedi_25_avril_2015\" target=\"_blank\" rel=\"noopener\">Samedi 25 avril 2015<\/a><br \/>\nSp\u00e9l\u00e9o, exercice secours &#8211; Grotte de Butrone, Sisco<\/p>\n<h4><span style=\"font-size: 12pt; color: #ff0000;\">2016<\/span><\/h4>\n<p><a href=\"https:\/\/itopipinnuti.fr\/exitp\/cr2016.htm#Samedi_12_mars_2016\" target=\"_blank\" rel=\"noopener\">Samedi 12 mars 2016<\/a><br \/>\nSp\u00e9l\u00e9o, exercice secours &#8211; Cast 1, Oletta<\/p>\n<p><a href=\"https:\/\/itopipinnuti.fr\/exitp\/cr2016.htm#Samedi_23_avril_2016\" target=\"_blank\" rel=\"noopener\">Samedi 23 avril 2016<\/a><br \/>\nSp\u00e9l\u00e9o, entrainement secours &#8211; Falaise A Tozza, Patrimonio<\/p>\n<p><a href=\"https:\/\/itopipinnuti.fr\/exitp\/cr2016.htm#Dimanche_24_avril_2016\" target=\"_blank\" rel=\"noopener\">Dimanche 24 avril 2016<\/a><br \/>\nSp\u00e9l\u00e9o, entrainement secours &#8211; Falaise A Tozza, Patrimonio<\/p>\n<p><a href=\"https:\/\/itopipinnuti.fr\/exitp\/cr2016.htm#Jeudi_5_mai_2016\" target=\"_blank\" rel=\"noopener\">Jeudi 5 mai 2016<\/a><br \/>\nSp\u00e9l\u00e9o interclubs, entrainement secours inter-CDS &#8211; Falaise A Tozza, Patrimonio<\/p>\n<p><a href=\"https:\/\/itopipinnuti.fr\/exitp\/cr2016.htm#Samedi_7_mai_2016\" target=\"_blank\" rel=\"noopener\">Samedi 7 mai 2016<\/a><br \/>\nSp\u00e9l\u00e9o interclubs, exercice secours inter-CDS &#8211; Cast 1, Oletta<\/p>\n<h4><span style=\"font-size: 12pt; color: #ff0000;\">2017<\/span><\/h4>\n<p><a href=\"https:\/\/itopipinnuti.fr\/exitp\/cr2017.htm#Dimanche_8_janvier_2017\" target=\"_blank\" rel=\"noopener\">Dimanche 8 janvier 2017<\/a><br \/>\nSp\u00e9l\u00e9o, perfectionnement techniques sp\u00e9l\u00e9o alpines et secours &#8211; Falaise A Tozza, Patrimonio<\/p>\n<p><a href=\"https:\/\/itopipinnuti.fr\/exitp\/cr2017.htm#Samedi_21_octobre_2017\" target=\"_blank\" rel=\"noopener\">Samedi 21 octobre 2017<\/a><br \/>\nSp\u00e9l\u00e9o, exercice secours &#8211; Grotta Santa Catalina, Sisco<\/p>\n<h4><span style=\"font-size: 12pt; color: #ff0000;\">2018<\/span><\/h4>\n<p><a href=\"https:\/\/itopipinnuti.fr\/exitp\/cr2018.htm#Samedi_23_juin_2018\" target=\"_blank\" rel=\"noopener\">Samedi 23 juin 2018<\/a><br \/>\nSp\u00e9l\u00e9o-secours, entrainement &#8211; Local et mur du Fango, Bastia<\/p>\n<p><a href=\"https:\/\/itopipinnuti.fr\/exitp\/cr2018.htm#Dimanche_18_novembre_2018\" target=\"_blank\" rel=\"noopener\">Dimanche 18 novembre 2018<\/a><br \/>\nSp\u00e9l\u00e9o, exercice secours &#8211; Grotte de Carpinetto, Lano<\/p>\n<h4><span style=\"font-size: 12pt; color: #ff0000;\">2019<\/span><\/h4>\n<p><a href=\"https:\/\/itopipinnuti.fr\/exitp\/cr2019.htm#Samedi_12_octobre_2019\" target=\"_blank\" rel=\"noopener\">Samedi 12 octobre 2019<\/a><br \/>\nSp\u00e9l\u00e9o interclubs, exercice secours &#8211; Grotte de Valetto, Casanova<\/p>\n<h4><span style=\"font-size: 12pt; color: #ff0000;\">2020<\/span><\/h4>\n<p><a href=\"https:\/\/itopipinnuti.fr\/exitp\/cr2020.htm#Dimanche_11_octobre_2020\" target=\"_blank\" rel=\"noopener\">Dimanche 11 octobre 2020<\/a><br \/>\nSp\u00e9l\u00e9o, entrainement sp\u00e9l\u00e9o-secours &#8211; Falaise A Tozza, Patrimonio<\/p>\n<h4><span style=\"font-size: 12pt; color: #ff0000;\">2022<\/span><\/h4>\n<p><a href=\"https:\/\/itopipinnuti.fr\/?p=217\" target=\"_blank\" rel=\"noopener\">Samedi 19 novembre 2022<\/a><br \/>\nSp\u00e9l\u00e9o, exercice secours &#8211; Grotta Santa Catalina, Sisco<\/p>\n<h4><span style=\"font-size: 12pt; color: #ff0000;\">2023<\/span><\/h4>\n<p><a href=\"https:\/\/itopipinnuti.fr\/?p=2384\" target=\"_blank\" rel=\"noopener\">Samedi 17 juin 2023<\/a><br \/>\nSp\u00e9l\u00e9o, exercice sp\u00e9l\u00e9o-secours &#8211; Grotte de Pietralbello, Moltifao<\/p>\n<h4><span style=\"font-size: 12pt; color: #ff0000;\">2024<\/span><\/h4>\n<p><a href=\"https:\/\/itopipinnuti.fr\/?p=3915\" target=\"_blank\" rel=\"noopener\">Samedi 20 avril 2024<\/a><strong><br \/>\n<\/strong>Sp\u00e9l\u00e9o, exercice secours &#8211; Miomo, Santa Maria di Lota<\/p>\n<h4><span style=\"font-size: 12pt; color: #ff0000;\">2025<\/span><\/h4>\n<p class=\"entry-title\"><a href=\"https:\/\/itopipinnuti.fr\/?p=5642\" target=\"_blank\" rel=\"noopener\">Samedi 5 avril 2025<\/a><br \/>\nSp\u00e9l\u00e9o, entrainement SSF \u2013 AG LISC &#8211; Santa Maria di Lota<\/p>\n<p class=\"entry-title\"><a href=\"https:\/\/itopipinnuti.fr\/?p=5797\" target=\"_blank\" rel=\"noopener\">Samedi 17 mai 2025<\/a><br \/>\nSp\u00e9l\u00e9o, entrainement sp\u00e9l\u00e9o secours \u2013 Falaise de Tozza, Patrimonio<\/p>\n<p><a href=\"https:\/\/itopipinnuti.fr\/?p=6883\" target=\"_blank\" rel=\"noopener\">Samedi 15 novembre 2025<\/a><br \/>\nSp\u00e9l\u00e9o \u2013 Exercice secours Cast 1 \u2013 Oletta<\/p>\n","protected":false},"excerpt":{"rendered":"<p>Entrainements, exercices, etc. 1993 Samedi 8 mai 1993 Entrainement secours Francardo 1996 Dimanche 10 mars 1996 Sp\u00e9l\u00e9o, initiation en cavit\u00e9 &#8211; Cast.1, Oletta Samedi 28 avril 1996 Sp\u00e9l\u00e9o, week-end Secours &#8211; Falaise de Francardo 1998 Samedi 4 et Dimanche 5 avril 1998 Sp\u00e9l\u00e9o, Exercice Secours &#8211; Gouffre I Luminelli, Morosaglia 1999 Jeudi 13 au Dimanche [&hellip;]<\/p>\n","protected":false},"author":5,"featured_media":0,"parent":0,"menu_order":0,"comment_status":"closed","ping_status":"closed","template":"","meta":[],"_links":{"self":[{"href":"https:\/\/itopipinnuti.fr\/index.php?rest_route=\/wp\/v2\/pages\/2336"}],"collection":[{"href":"https:\/\/itopipinnuti.fr\/index.php?rest_route=\/wp\/v2\/pages"}],"about":[{"href":"https:\/\/itopipinnuti.fr\/index.php?rest_route=\/wp\/v2\/types\/page"}],"author":[{"embeddable":true,"href":"https:\/\/itopipinnuti.fr\/index.php?rest_route=\/wp\/v2\/users\/5"}],"replies":[{"embeddable":true,"href":"https:\/\/itopipinnuti.fr\/index.php?rest_route=%2Fwp%2Fv2%2Fcomments&post=2336"}],"version-history":[{"count":13,"href":"https:\/\/itopipinnuti.fr\/index.php?rest_route=\/wp\/v2\/pages\/2336\/revisions"}],"predecessor-version":[{"id":6923,"href":"https:\/\/itopipinnuti.fr\/index.php?rest_route=\/wp\/v2\/pages\/2336\/revisions\/6923"}],"wp:attachment":[{"href":"https:\/\/itopipinnuti.fr\/index.php?rest_route=%2Fwp%2Fv2%2Fmedia&parent=2336"}],"curies":[{"name":"wp","href":"https:\/\/api.w.org\/{rel}","templated":true}]}}