{"id":308,"date":"2022-11-24T16:47:16","date_gmt":"2022-11-24T15:47:16","guid":{"rendered":"https:\/\/itopipinnuti.fr\/?page_id=308"},"modified":"2024-11-21T08:50:04","modified_gmt":"2024-11-21T07:50:04","slug":"liens","status":"publish","type":"page","link":"https:\/\/itopipinnuti.fr\/?page_id=308","title":{"rendered":"Liens"},"content":{"rendered":"\n<table id=\"tablepress-2\" class=\"tablepress tablepress-id-2\">\n<thead>\n<tr class=\"row-1 odd\">\n\t<th colspan=\"2\" class=\"column-1\"><strong>Quelques liens<\/strong><\/th>\n<\/tr>\n<\/thead>\n<tbody class=\"row-hover\">\n<tr class=\"row-2 even\">\n\t<td colspan=\"2\" class=\"column-1\"><strong>Liens FFS<\/strong><\/td>\n<\/tr>\n<tr class=\"row-3 odd\">\n\t<td class=\"column-1\"><a target=\"_blank\" href=\"http:\/\/ffspeleo.fr\/\" rel=\"noopener\">F\u00e9d\u00e9ration Fran\u00e7aise de Sp\u00e9l\u00e9ologie<\/a><\/td><td class=\"column-2\">D\u00e9finition de la sp\u00e9l\u00e9ologie, questions r\u00e9ponses sur le sujet, les dates des congr\u00e8s, les activit\u00e9s des diff\u00e9rentes commissions et leurs coordonn\u00e9es, les instances f\u00e9d\u00e9rales ...<\/td>\n<\/tr>\n<tr class=\"row-4 even\">\n\t<td class=\"column-1\"><a target=\"_blank\" href=\"https:\/\/avens.ffspeleo.fr\/\" rel=\"noopener\">Avens<\/a><\/td><td class=\"column-2\">Le site de gestion des adh\u00e9rents de la FFS.<\/td>\n<\/tr>\n<tr class=\"row-5 odd\">\n\t<td class=\"column-1\"><a target=\"_blank\" href=\"http:\/\/aven.ffspeleo.fr\/\" rel=\"noopener\">Aven<\/a><\/td><td class=\"column-2\">Le site de gestion des assurances d'initiation.<\/td>\n<\/tr>\n<tr class=\"row-6 even\">\n\t<td class=\"column-1\"><a target=\"_blank\" href=\"https:\/\/www.facebook.com\/CoJFFS\/\" rel=\"noopener\">Co.J<\/a><\/td><td class=\"column-2\">La commission jeune de la FFS, le site pour les jeunes de moins de 26 ans. Les \"vieux\" peuvent consulter !<\/td>\n<\/tr>\n<tr class=\"row-7 odd\">\n\t<td class=\"column-1\"><a target=\"_blank\" href=\"https:\/\/efs.ffspeleo.fr\/\" rel=\"noopener\">EFS<\/a><\/td><td class=\"column-2\">L'\u00e9cole fran\u00e7aise de sp\u00e9l\u00e9ologie, la commission de la F\u00e9d\u00e9ration Fran\u00e7aise de Sp\u00e9l\u00e9ologie charg\u00e9e de la formation sp\u00e9l\u00e9o.<\/td>\n<\/tr>\n<tr class=\"row-8 even\">\n\t<td class=\"column-1\"><a target=\"_blank\" href=\"http:\/\/canyon.ffspeleo.fr\/\" rel=\"noopener\">EFC<\/a><\/td><td class=\"column-2\">L'\u00e9cole fran\u00e7aise de descente de canyon, la commission canyon de la FFS, recommandations s\u00e9curit\u00e9, calendrier des stages de formation, fiches techniques et bibliographie.<\/td>\n<\/tr>\n<tr class=\"row-9 odd\">\n\t<td class=\"column-1\"><a target=\"_blank\" href=\"https:\/\/www.commissionaudiovisuelleffspeleo.com\/\" rel=\"noopener\">Com Audio<\/a><\/td><td class=\"column-2\">Le site de commission audio-visuelle de la FFS<\/td>\n<\/tr>\n<tr class=\"row-10 even\">\n\t<td class=\"column-1\"><a target=\"_blank\" href=\"http:\/\/ssf.ffspeleo.fr\/\" rel=\"noopener\">SSF<\/a><\/td><td class=\"column-2\">Le Sp\u00e9l\u00e9o Secours Fran\u00e7ais, ce sont les b\u00e9n\u00e9voles de la FFS qui constituent les \u00e9quipes du SSF. En assumant elle-m\u00eame les secours, la FFS est la seule \u00e0 assurer la s\u00e9curit\u00e9 de sa pratique jusqu'au sauvetage.<\/td>\n<\/tr>\n<tr class=\"row-11 odd\">\n\t<td class=\"column-1\"><a target=\"_blank\" href=\"https:\/\/efps.ffspeleo.fr\/\" rel=\"noopener\">EFPS<\/a><\/td><td class=\"column-2\">La commission plong\u00e9e souterraine de la FFS, tout pour plonger sous l'eau sous terre.<\/td>\n<\/tr>\n<tr class=\"row-12 even\">\n\t<td class=\"column-1\"><a target=\"_blank\" href=\"https:\/\/ffspeleo.fr\/commission-environnement-218-278.html\" rel=\"noopener\">Commission environnement et scientifique de la FFS<\/a><\/td><td class=\"column-2\">Environnement, science, conservation et ... sp\u00e9l\u00e9ologie.<\/td>\n<\/tr>\n<tr class=\"row-13 odd\">\n\t<td class=\"column-1\"><a target=\"_blank\" href=\"https:\/\/geb.ffspeleo.fr\/\" rel=\"noopener\">Groupe d'\u00c9tude de Biosp\u00e9ologie<\/a><\/td><td class=\"column-2\">Le <span style=\"color:#000000;\"><strong>GEB<\/strong><\/span><span style=\"color:#000000;\"> est un r\u00e9seau de comp\u00e9tences auquel participent des scientifiques des grandes institutions fran\u00e7aises, la FFS avec ses personnes ressources et le milieu associatif naturaliste. L'ensemble du r\u00e9seau est coordonn\u00e9 par un comit\u00e9 de pilotage reconnu comme section d'activit\u00e9 de la FFS.<\/span><\/td>\n<\/tr>\n<tr class=\"row-14 even\">\n\t<td class=\"column-1\"><a target=\"_blank\" href=\"http:\/\/codoc.ffspeleo.fr\/\" rel=\"noopener\">CoDoc<\/a><\/td><td class=\"column-2\">La commission documentation de la FFS, de la doc, de la doc, de la doc ...<\/td>\n<\/tr>\n<tr class=\"row-15 odd\">\n\t<td class=\"column-1\"><a target=\"_blank\" href=\"http:\/\/comed.ffspeleo.fr\/\" rel=\"noopener\">CoMed<\/a><\/td><td class=\"column-2\">La commission m\u00e9dicale de la FFS ou comment se soigner du virus de la sp\u00e9l\u00e9o ...<\/td>\n<\/tr>\n<tr class=\"row-16 even\">\n\t<td class=\"column-1\"><a target=\"_blank\" href=\"http:\/\/crei.ffspeleo.fr\/\" rel=\"noopener\">CREI<\/a><\/td><td class=\"column-2\">La commission des relations et exp\u00e9ditions internationales, la FFS \u00e0 ... l'\u00e9tranger.<\/td>\n<\/tr>\n<tr class=\"row-17 odd\">\n\t<td class=\"column-1\"><a target=\"_blank\" href=\"http:\/\/librairie.ffspeleo.fr\/\" rel=\"noopener\">Sp\u00e9lunca Librairie<\/a><\/td><td class=\"column-2\">Librairie de la F\u00e9d\u00e9ration Fran\u00e7aise de Sp\u00e9l\u00e9ologie<\/td>\n<\/tr>\n<tr class=\"row-18 even\">\n\t<td colspan=\"2\" class=\"column-1\"><strong>Liens \"nustrale\"<\/strong><\/td>\n<\/tr>\n<tr class=\"row-19 odd\">\n\t<td class=\"column-1\"><a target=\"_blank\" href=\"https:\/\/liscc.blogspot.com\/\" rel=\"noopener\">Ligue Insulaire Sp\u00e9l\u00e9ologique Corse<\/a><\/td><td class=\"column-2\">La <span style=\"color:#000000;\"><strong>Ligue Insulaire Sp\u00e9l\u00e9ologique Corse<\/strong><\/span><span style=\"color:#000000;\"> (LISC) est un organisme d\u00e9concentr\u00e9 de la <\/span><span style=\"color:#000000;\"><strong>F\u00e9d\u00e9ration Fran\u00e7aise de Sp\u00e9l\u00e9ologie<\/strong><\/span><span style=\"color:#000000;\">. Elle a pour appellation f\u00e9d\u00e9rale <\/span><span style=\"color:#000000;\"><strong>Comit\u00e9 Sp\u00e9l\u00e9ologique R\u00e9gional<\/strong><\/span><span style=\"color:#000000;\"> (CSR).A ce titre, elle est l\u2019interlocutrice privil\u00e9gi\u00e9e des collectivit\u00e9s locales et la repr\u00e9sentante exclusive de la FFS au niveau r\u00e9gional aupr\u00e8s<\/span><span style=\"color:#000000;\"><strong> de ses membres<\/strong><\/span><span style=\"color:#000000;\">.<\/span><\/td>\n<\/tr>\n<tr class=\"row-20 even\">\n\t<td class=\"column-1\"><a target=\"_blank\" href=\"https:\/\/chauvesouriscorse.fr\/sos-chauves-souris-2\/\" rel=\"noopener\">Groupe Chiropt\u00e8res Corse<\/a><\/td><td class=\"column-2\">Le Groupe chiropt\u00e8res Corse est une association loi 1901, agr\u00e9\u00e9e Protection de la nature reconnue d'int\u00e9r\u00eat g\u00e9n\u00e9ral, qui \u0153uvre depuis 1989 pour\u00a0l'\u00e9tude et la protection des chauves-souris en Corse.<\/td>\n<\/tr>\n<tr class=\"row-21 odd\">\n\t<td class=\"column-1\"><a target=\"_blank\" href=\"https:\/\/www.facebook.com\/chauvesouriscorse\/\" rel=\"noopener\">Groupe Chiropt\u00e8res Corse<\/a><\/td><td class=\"column-2\">La page facebook du GCC<\/td>\n<\/tr>\n<tr class=\"row-22 even\">\n\t<td colspan=\"2\" class=\"column-1\"><strong>Liens chiro<\/strong><\/td>\n<\/tr>\n<tr class=\"row-23 odd\">\n\t<td class=\"column-1\"><a target=\"_blank\" href=\"https:\/\/www.gcprovence.org\/sauvetage\/\" rel=\"noopener\">Groupe Chiropt\u00e8res de Provence<\/a><\/td><td class=\"column-2\">La page SOS chauves-souris du Groupe Chiropt\u00e8res de Provence<\/td>\n<\/tr>\n<tr class=\"row-24 even\">\n\t<td class=\"column-1\"><a target=\"_blank\" href=\"http:\/\/www.museum-bourges.net\/index.htm\" rel=\"noopener\">Mus\u00e9um-Bourges<\/a><\/td><td class=\"column-2\">Bienvenue sur la plan\u00e8te chauves-souris !<\/td>\n<\/tr>\n<tr class=\"row-25 odd\">\n\t<td class=\"column-1\"><a target=\"_blank\" href=\"http:\/\/www.sfepm.org\/chiropteres.htm\" rel=\"noopener\">Groupe chiropt\u00e8re de la SFEPM<\/a><\/td><td class=\"column-2\">Le groupe chiropt\u00e8re de la Soci\u00e9t\u00e9 Fran\u00e7aise pour l'Etude et la Protection des Mammif\u00e8res.<\/td>\n<\/tr>\n<tr class=\"row-26 even\">\n\t<td class=\"column-1\"><a target=\"_blank\" href=\"http:\/\/www.chauves-souris.be\/\" rel=\"noopener\">Plecotus<\/a><\/td><td class=\"column-2\">Plecotus est le groupe de travail chauves-souris de Natagora \u00ab Protection, sensibilisation et \u00e9ducation \u00e0 la nature \u00bb.<\/td>\n<\/tr>\n<tr class=\"row-27 odd\">\n\t<td colspan=\"2\" class=\"column-1\"><strong>Liens topo<\/strong><\/td>\n<\/tr>\n<tr class=\"row-28 even\">\n\t<td class=\"column-1\"><a target=\"_blank\" href=\"http:\/\/vtopo.free.fr\/index.htm\" rel=\"noopener\">Visual Topo<\/a><\/td><td class=\"column-2\">Logiciels <span style=\"color:#000000;\"><strong>Visual Topo<\/strong><\/span><span style=\"color:#000000;\"> (topographie sp\u00e9l\u00e9ologique), <\/span><span style=\"color:#000000;\"><strong>Convers<\/strong><\/span><span style=\"color:#000000;\"> (conversion de coordonn\u00e9es g\u00e9ographiques), et <\/span><span style=\"color:#000000;\"><strong>Declimag<\/strong><\/span><span style=\"color:#000000;\"> (calcul de d\u00e9clinaison magn\u00e9tique).<\/span><\/td>\n<\/tr>\n<tr class=\"row-29 odd\">\n\t<td class=\"column-1\"><a target=\"_blank\" href=\"http:\/\/topocalcaire.free.fr\/\" rel=\"noopener\">Topo Calc'R<\/a><\/td><td class=\"column-2\">Le logiciel Topo Calc'R est destin\u00e9 au calcul et au dessin de topographies de sp\u00e9l\u00e9ologie.<\/td>\n<\/tr>\n<tr class=\"row-30 even\">\n\t<td class=\"column-1\"><a target=\"_blank\" href=\"http:\/\/www.speleologie.free.fr\/DPTopo\/dptopo.htm\" rel=\"noopener\">DPTopo<\/a><\/td><td class=\"column-2\">DPTopo est un logiciel de topographie souterraine, gratuit,  tr\u00e8s simple d'emploi,  qui permet de dessiner des topographies de cavit\u00e9s \u00e0 partir des valeurs relev\u00e9es sur le terrain.<\/td>\n<\/tr>\n<tr class=\"row-31 odd\">\n\t<td class=\"column-1\"><a target=\"_blank\" href=\"https:\/\/ghtopo.blog4ever.com\/\" rel=\"noopener\">GHTopo<\/a><\/td><td class=\"column-2\">GHTopo: Logiciel de topographie sp\u00e9l\u00e9ologique<br \/>\n<br \/>\nGHCaveDraw: Logiciel de dessin pour la topographie sp\u00e9l\u00e9ologique<\/td>\n<\/tr>\n<tr class=\"row-32 even\">\n\t<td class=\"column-1\"><a target=\"_blank\" href=\"http:\/\/paperless.bheeb.ch\/\" rel=\"noopener\">Pocket Topo<\/a><\/td><td class=\"column-2\">Logiciel gratuit de topographie pour les assistants num\u00e9riques personnels tournant sous Pocket PC.<\/td>\n<\/tr>\n<tr class=\"row-33 odd\">\n\t<td class=\"column-1\"><a target=\"_blank\" href=\"http:\/\/www.speleo.qc.ca\/auriga\/\" rel=\"noopener\">Auriga<\/a><\/td><td class=\"column-2\">Logiciel gratuit de topographie de grottes pour les assistants num\u00e9riques personnels (ANP ou PDA) tournant sous Palm\u00a0OS.<\/td>\n<\/tr>\n<tr class=\"row-34 even\">\n\t<td class=\"column-1\"><a target=\"_blank\" href=\"https:\/\/sites.google.com\/site\/speleoapps\/home\/topodroid?authuser=0\" rel=\"noopener\">TopoDroid<\/a><\/td><td class=\"column-2\">TopoDroid est une application Android pour la topographie des cavit\u00e9s.<\/td>\n<\/tr>\n<tr class=\"row-35 odd\">\n\t<td class=\"column-1\"><a target=\"_blank\" href=\"http:\/\/eric.sibert.fr\/article80.html\" rel=\"noopener\">Convertisseur<\/a><\/td><td class=\"column-2\">Logiciel Convertisseur pour la conversion de coordonn\u00e9es g\u00e9ographiques par \u00c9ric Sibert.<\/td>\n<\/tr>\n<tr class=\"row-36 even\">\n\t<td class=\"column-1\"><a target=\"_blank\" href=\"http:\/\/twcc.fr\/\" rel=\"noopener\">The World Coordinate Converter<\/a><\/td><td class=\"column-2\">TWCC, \"The World Coordinate Converter\", qui signifie \"Le convertisseur de coordonn\u00e9es universel\", est un outil de conversion de coordonn\u00e9es g\u00e9od\u00e9siques couvrant une grande plage de syst\u00e8mes de r\u00e9f\u00e9rence.<\/td>\n<\/tr>\n<tr class=\"row-37 odd\">\n\t<td colspan=\"2\" class=\"column-1\"><strong>Liens divers<\/strong><\/td>\n<\/tr>\n<tr class=\"row-38 even\">\n\t<td class=\"column-1\"><a target=\"_blank\" href=\"http:\/\/www.descente-canyon.com\/\" rel=\"noopener\">Descente-canyon.com<\/a><\/td><td class=\"column-2\">Un site canyon tr\u00e8s bien fait et tr\u00e8s complet. Une importante base de donn\u00e9es est accessible sur le site.<\/td>\n<\/tr>\n<tr class=\"row-39 odd\">\n\t<td class=\"column-1\"><a target=\"_blank\" href=\"http:\/\/mdemierre.speleologie.ch\/?tag=noeud\" rel=\"noopener\">mdemierre.speleologie.ch<\/a><\/td><td class=\"column-2\">Les n\u0153uds utilis\u00e9s en sp\u00e9l\u00e9ologie<\/td>\n<\/tr>\n<tr class=\"row-40 even\">\n\t<td class=\"column-1\"><a target=\"_blank\" href=\"http:\/\/exploration.urban.free.fr\/acethylene\/\" rel=\"noopener\">Ac\u00e9thyl\u00e8ne.com<\/a><\/td><td class=\"column-2\">Un magnifique site qui explique tout sur les lampes \u00e0 ac\u00e9tyl\u00e8ne. Une seule et tr\u00e8s longue page.<\/td>\n<\/tr>\n<tr class=\"row-41 odd\">\n\t<td class=\"column-1\"><a target=\"_blank\" href=\"http:\/\/www.lampeacarbure.blogspot.fr\/\" rel=\"noopener\">lampeacarbure.blogspot.fr<\/a><\/td><td class=\"column-2\">Une autre page consacr\u00e9e aux lampes \u00e0 ac\u00e9tyl\u00e8ne.<\/td>\n<\/tr>\n<tr class=\"row-42 even\">\n\t<td colspan=\"2\" class=\"column-1\"><strong>Sites commerciaux et institutionnels<\/strong><\/td>\n<\/tr>\n<tr class=\"row-43 odd\">\n\t<td class=\"column-1\"><a target=\"_blank\" href=\"http:\/\/www.vincensini.fr\/\" rel=\"noopener\">Castagna di Vallerustie<\/a><\/td><td class=\"column-2\">Un sp\u00e9l\u00e9o dans les produits bio. L'entreprise familiale <span style=\"color:#000000;\"><em>Castagna di Vallerustie<\/em><\/span><span style=\"color:#000000;\"> est implant\u00e9e depuis trente ans \u00e0 <\/span><span style=\"color:#000000;\"><em>San Lurenzu<\/em><\/span><span style=\"color:#000000;\">, petit village au c\u0153ur de la montagne corse. Et depuis 1993, l'entreprise s'engage \u00e0 garantir des produits bio, afin de pr\u00e9server et promouvoir le patrimoine agroalimentaire corse. Elle vous propose des sp\u00e9cialit\u00e9s de grandes traditions \u00e0 la ch\u00e2taigne, aux agrumes, aux figues...<\/span><\/td>\n<\/tr>\n<tr class=\"row-44 even\">\n\t<td class=\"column-1\"><a target=\"_blank\" href=\"http:\/\/www.speleomag.com\/\" rel=\"noopener\">Sp\u00e9l\u00e9omag<\/a><\/td><td class=\"column-2\">Magazine de la sp\u00e9l\u00e9ologie d'exploration.<\/td>\n<\/tr>\n<tr class=\"row-45 odd\">\n\t<td class=\"column-1\"><a target=\"_blank\" href=\"https:\/\/www.petzl.com\/FR\/fr\" rel=\"noopener\">Petzl<\/a><\/td><td class=\"column-2\">Fabriquant de mat\u00e9riel de sp\u00e9l\u00e9ologie, canyoning, d'alpinisme, d'escalade. Consultez le catalogue en ligne et les notices techniques qui vous expliquent, de mani\u00e8re visuelle, comment bien utiliser le mat\u00e9riel. Logiciel de gestion des EPI t\u00e9l\u00e9chargeable sur le site.<\/td>\n<\/tr>\n<tr class=\"row-46 even\">\n\t<td class=\"column-1\"><a target=\"_blank\" href=\"http:\/\/www.aventureverticale.com\/\" rel=\"noopener\">Aventure Verticale<\/a><\/td><td class=\"column-2\">Fabriquant de mat\u00e9riel sp\u00e9l\u00e9o, canyon, escalade et ... travail.<\/td>\n<\/tr>\n<tr class=\"row-47 odd\">\n\t<td class=\"column-1\"><a target=\"_blank\" href=\"https:\/\/boutique.mtde.fr\/\" rel=\"noopener\">MTDE<\/a><\/td><td class=\"column-2\">Fabriquant de mat\u00e9riel sp\u00e9l\u00e9o et canyon.<\/td>\n<\/tr>\n<tr class=\"row-48 even\">\n\t<td class=\"column-1\"><a target=\"_blank\" href=\"http:\/\/www.resurgence.fr\/\" rel=\"noopener\">R\u00e9surgence<\/a><\/td><td class=\"column-2\">Fabriquant de mat\u00e9riel canyon et sp\u00e9l\u00e9o, partenaire de l'EFC.<\/td>\n<\/tr>\n<tr class=\"row-49 odd\">\n\t<td class=\"column-1\"><a target=\"_blank\" href=\"https:\/\/www.croque-montagne.fr\/\" rel=\"noopener\">Croque Montagne<\/a><\/td><td class=\"column-2\">Equipement technique pour les sports de nature : sp\u00e9l\u00e9ologie, canyonisme, escalade, alpinisme, ski, ski de randonn\u00e9e<\/td>\n<\/tr>\n<tr class=\"row-50 even\">\n\t<td class=\"column-1\"><a target=\"_blank\" href=\"http:\/\/www.auvieuxcampeur.fr\/\" rel=\"noopener\">Au vieux campeur<\/a><\/td><td class=\"column-2\">Vente d'articles de sport - Magasin de sport : montagne, ski, snowboard, randonn\u00e9e, camping, plong\u00e9e, nautisme, roller, jogging...\u00a0 Possibilit\u00e9 de demander les catalogues gratuits par m\u00e9l.<\/td>\n<\/tr>\n<tr class=\"row-51 odd\">\n\t<td class=\"column-1\"><a target=\"_blank\" href=\"https:\/\/www.cabesto.com\/\" rel=\"noopener\">Cabesto<\/a><\/td><td class=\"column-2\">A essay\u00e9 de remplacer Exp\u00e9<\/td>\n<\/tr>\n<tr class=\"row-52 even\">\n\t<td class=\"column-1\"><a target=\"_blank\" href=\"http:\/\/www.ign.fr\/\" rel=\"noopener\">IGN<\/a><\/td><td class=\"column-2\">Le site de l'Institut G\u00e9ographique National.<\/td>\n<\/tr>\n<tr class=\"row-53 odd\">\n\t<td class=\"column-1\"><a target=\"_blank\" href=\"http:\/\/www.brgm.fr\/\" rel=\"noopener\">BRGM<\/a><\/td><td class=\"column-2\">Le site du Bureau de Recherches G\u00e9ologiques et Mini\u00e8res.<\/td>\n<\/tr>\n<tr class=\"row-54 even\">\n\t<td class=\"column-1\"><a target=\"_blank\" href=\"http:\/\/infoterre.brgm.fr\/\" rel=\"noopener\">InfoTerre<\/a><\/td><td class=\"column-2\">Portail g\u00e9omatique d\u2019acc\u00e8s aux donn\u00e9es g\u00e9oscientifiques du BRGM\u00a0: cartes g\u00e9ologiques du 1\/1 000 000 au 1\/50 000, dossiers de la Banque de donn\u00e9es du Sous-Sol et logs g\u00e9ologiques, cartes des risques naturels et industriels, donn\u00e9es sur les eaux souterraines...<\/td>\n<\/tr>\n<tr class=\"row-55 odd\">\n\t<td class=\"column-1\"><a target=\"_blank\" href=\"http:\/\/www.mindat.org\/loc-14280.html\" rel=\"noopener\">Mindat<\/a><\/td><td class=\"column-2\">Min\u00e9ralogie de la France<\/td>\n<\/tr>\n<tr class=\"row-56 even\">\n\t<td class=\"column-1\"><a target=\"_blank\" href=\"https:\/\/lithotheque.ens-lyon.fr\/\" rel=\"noopener\">Lithoth\u00e8que\u00a0<\/a><\/td><td class=\"column-2\">L'\u00c9cole Normale Sup\u00e9rieure de Lyon poss\u00e8de une collection d'objets g\u00e9ologiques. Ce site propose une s\u00e9rie de photographies de roches, de fossiles, de min\u00e9raux et de lames minces provenant de cette collection. \u00a0<\/td>\n<\/tr>\n<\/tbody>\n<\/table>\n<!-- #tablepress-2 from cache -->\n","protected":false},"excerpt":{"rendered":"","protected":false},"author":5,"featured_media":0,"parent":0,"menu_order":0,"comment_status":"closed","ping_status":"closed","template":"","meta":[],"_links":{"self":[{"href":"https:\/\/itopipinnuti.fr\/index.php?rest_route=\/wp\/v2\/pages\/308"}],"collection":[{"href":"https:\/\/itopipinnuti.fr\/index.php?rest_route=\/wp\/v2\/pages"}],"about":[{"href":"https:\/\/itopipinnuti.fr\/index.php?rest_route=\/wp\/v2\/types\/page"}],"author":[{"embeddable":true,"href":"https:\/\/itopipinnuti.fr\/index.php?rest_route=\/wp\/v2\/users\/5"}],"replies":[{"embeddable":true,"href":"https:\/\/itopipinnuti.fr\/index.php?rest_route=%2Fwp%2Fv2%2Fcomments&post=308"}],"version-history":[{"count":3,"href":"https:\/\/itopipinnuti.fr\/index.php?rest_route=\/wp\/v2\/pages\/308\/revisions"}],"predecessor-version":[{"id":1160,"href":"https:\/\/itopipinnuti.fr\/index.php?rest_route=\/wp\/v2\/pages\/308\/revisions\/1160"}],"wp:attachment":[{"href":"https:\/\/itopipinnuti.fr\/index.php?rest_route=%2Fwp%2Fv2%2Fmedia&parent=308"}],"curies":[{"name":"wp","href":"https:\/\/api.w.org\/{rel}","templated":true}]}}