{"id":323,"date":"2022-11-24T16:52:17","date_gmt":"2022-11-24T15:52:17","guid":{"rendered":"https:\/\/itopipinnuti.fr\/?page_id=323"},"modified":"2024-11-21T08:49:04","modified_gmt":"2024-11-21T07:49:04","slug":"topographie","status":"publish","type":"page","link":"https:\/\/itopipinnuti.fr\/?page_id=323","title":{"rendered":"La topographie"},"content":{"rendered":"\n<p>Une nouvelle cavit\u00e9 a \u00e9t\u00e9 d\u00e9couverte, il faut maintenant en \u00e9tablir la topographie. Il s\u2019agit de faire tous les relev\u00e9s n\u00e9cessaires \u00e0 l\u2019\u00e9tablissement d\u2019un plan et d\u2019une coupe le plus repr\u00e9sentatif possible de la cavit\u00e9. C\u2019est lors de ces s\u00e9ances que l\u2019on trouve parfois des continuations encore inconnues. Les mesures relev\u00e9es par les topographes sont les longueurs, largeurs, hauteurs, directions et pentes des galeries et puits. Il existe maintenant des logiciels qui facilitent grandement la r\u00e9alisation des topographies en effectuant automatiquement les conversions trigonom\u00e9triques qui n\u00e9cessitaient auparavant de longs calculs manuels.<\/p>\n","protected":false},"excerpt":{"rendered":"<p>Une nouvelle cavit\u00e9 a \u00e9t\u00e9 d\u00e9couverte, il faut maintenant en \u00e9tablir la topographie. Il s\u2019agit de faire tous les relev\u00e9s n\u00e9cessaires \u00e0 l\u2019\u00e9tablissement d\u2019un plan et d\u2019une coupe le plus repr\u00e9sentatif possible de la cavit\u00e9. C\u2019est lors de ces s\u00e9ances que l\u2019on trouve parfois des continuations encore inconnues. Les mesures relev\u00e9es par les topographes sont [&hellip;]<\/p>\n","protected":false},"author":5,"featured_media":0,"parent":0,"menu_order":0,"comment_status":"closed","ping_status":"closed","template":"","meta":[],"_links":{"self":[{"href":"https:\/\/itopipinnuti.fr\/index.php?rest_route=\/wp\/v2\/pages\/323"}],"collection":[{"href":"https:\/\/itopipinnuti.fr\/index.php?rest_route=\/wp\/v2\/pages"}],"about":[{"href":"https:\/\/itopipinnuti.fr\/index.php?rest_route=\/wp\/v2\/types\/page"}],"author":[{"embeddable":true,"href":"https:\/\/itopipinnuti.fr\/index.php?rest_route=\/wp\/v2\/users\/5"}],"replies":[{"embeddable":true,"href":"https:\/\/itopipinnuti.fr\/index.php?rest_route=%2Fwp%2Fv2%2Fcomments&post=323"}],"version-history":[{"count":1,"href":"https:\/\/itopipinnuti.fr\/index.php?rest_route=\/wp\/v2\/pages\/323\/revisions"}],"predecessor-version":[{"id":877,"href":"https:\/\/itopipinnuti.fr\/index.php?rest_route=\/wp\/v2\/pages\/323\/revisions\/877"}],"wp:attachment":[{"href":"https:\/\/itopipinnuti.fr\/index.php?rest_route=%2Fwp%2Fv2%2Fmedia&parent=323"}],"curies":[{"name":"wp","href":"https:\/\/api.w.org\/{rel}","templated":true}]}}