{"id":399,"date":"2022-11-25T16:00:37","date_gmt":"2022-11-25T15:00:37","guid":{"rendered":"https:\/\/itopipinnuti.fr\/?page_id=399"},"modified":"2024-12-12T16:21:38","modified_gmt":"2024-12-12T15:21:38","slug":"les-topi-dans-la-presse","status":"publish","type":"page","link":"https:\/\/itopipinnuti.fr\/?page_id=399","title":{"rendered":"Les topi dans la presse"},"content":{"rendered":"\n<table id=\"tablepress-7\" class=\"tablepress tablepress-id-7\">\n<thead>\n<tr class=\"row-1 odd\">\n\t<th class=\"column-1\">Ann\u00e9e<\/th><th class=\"column-2\"><\/th><th class=\"column-3\">Article<\/th>\n<\/tr>\n<\/thead>\n<tbody class=\"row-hover\">\n<tr class=\"row-2 even\">\n\t<td class=\"column-1\">1965<\/td><td class=\"column-2\">1<\/td><td class=\"column-3\"><a href=\"https:\/\/itopipinnuti.fr\/wp-content\/uploads\/2025\/02\/1965_Article_explo_Pietrabella_Zafrilla.pdf\" target=\"_blank\" rel=\"noopener\"> Nice Matin - Juin 1965 - Explo Pietrabella Zafrilla<\/a><\/td>\n<\/tr>\n<tr class=\"row-3 odd\">\n\t<td class=\"column-1\">1984<\/td><td class=\"column-2\">2<\/td><td class=\"column-3\"><a href=\"https:\/\/itopipinnuti.fr\/wp-content\/uploads\/2024\/12\/AG_ACS_1984.pdf\" target=\"_blank\" rel=\"noopener\"> 1984 - AG ACS<\/a><\/td>\n<\/tr>\n<tr class=\"row-4 even\">\n\t<td class=\"column-1\">1985<\/td><td class=\"column-2\">3<\/td><td class=\"column-3\"><a href=\"https:\/\/itopipinnuti.fr\/wp-content\/uploads\/2024\/12\/Nice-Matin_I-LUMINELLI-02_1985.pdf\" target=\"_blank\" rel=\"noopener\">Nice Matin - 4 f\u00e9vrier 1985 - I Luminelli<\/a><\/td>\n<\/tr>\n<tr class=\"row-5 odd\">\n\t<td class=\"column-1\"><\/td><td class=\"column-2\">4<\/td><td class=\"column-3\"><a href=\"https:\/\/itopipinnuti.fr\/exitp\/Presse\/1985_ou_1986_Article_exercice_secours_Valetto.pdf\" target=\"_blank\" rel=\"noopener\">Corse-Infos - 1985 ou 1986 - Article exercice secours Valetto<\/a><\/td>\n<\/tr>\n<tr class=\"row-6 even\">\n\t<td class=\"column-1\"><\/td><td class=\"column-2\">5<\/td><td class=\"column-3\"><a href=\"https:\/\/itopipinnuti.fr\/wp-content\/uploads\/2024\/12\/ACS-SPELEO-SECOURS-VALETTO.pdf\" target=\"_blank\" rel=\"noopener\">1985 ou 1986 - Article exercice secours Valetto<\/a><\/td>\n<\/tr>\n<tr class=\"row-7 odd\">\n\t<td class=\"column-1\">1988<\/td><td class=\"column-2\">6<\/td><td class=\"column-3\"><a href=\"https:\/\/itopipinnuti.fr\/wp-content\/uploads\/2025\/02\/19881230_Kirn-Magazine-A_quelques_pieds_sous_terre.pdf\" target=\"_blank\" rel=\"noopener\">Kirn Magazne - 1988 - A quelques pieds sous terre<\/a><\/td>\n<\/tr>\n<tr class=\"row-8 even\">\n\t<td class=\"column-1\">1997<\/td><td class=\"column-2\">7<\/td><td class=\"column-3\"><a href=\"https:\/\/itopipinnuti.fr\/exitp\/Presse\/1995_Corse_Matin_Boulets_Algajola.pdf\" target=\"_blank\" rel=\"noopener\">Corse Matin - Novembre 1997 - Boulets du puits d'Algajola<\/a><\/td>\n<\/tr>\n<tr class=\"row-9 odd\">\n\t<td class=\"column-1\"><\/td><td class=\"column-2\">8<\/td><td class=\"column-3\"><a href=\"https:\/\/itopipinnuti.fr\/exitp\/Presse\/19971105_Corse_Matin_Aventure_sous_terre.pdf\" target=\"_blank\" rel=\"noopener\">Corse Matin - 5 novembre 1997 - Aventure sous la terre<\/a><\/td>\n<\/tr>\n<tr class=\"row-10 even\">\n\t<td class=\"column-1\"><\/td><td class=\"column-2\">9<\/td><td class=\"column-3\"><a href=\"https:\/\/itopipinnuti.fr\/exitp\/Presse\/19971118_Corse_Matin_AG_Cassano.pdf\" target=\"_blank\" rel=\"noopener\">Corse Matin - 18 novembre 1997 - Assembl\u00e9e G\u00e9n\u00e9rale Cassano<\/a><\/td>\n<\/tr>\n<tr class=\"row-11 odd\">\n\t<td class=\"column-1\">1998<\/td><td class=\"column-2\">10<\/td><td class=\"column-3\"><a href=\"https:\/\/itopipinnuti.fr\/exitp\/Presse\/19981115_Corse_Matin_AG_Ghisoni.pdf\" target=\"_blank\" rel=\"noopener\">Corse Matin - 15 d\u00e9cembre 1998 - Assembl\u00e9e G\u00e9n\u00e9rale Ghisoni<\/a><\/td>\n<\/tr>\n<tr class=\"row-12 even\">\n\t<td class=\"column-1\">1999<\/td><td class=\"column-2\">11<\/td><td class=\"column-3\"><a href=\"https:\/\/itopipinnuti.fr\/exitp\/Presse\/19990517_Corse_Matin_Formation_secours.pdf\" target=\"_blank\" rel=\"noopener\">Corse Matin - 17 mai 1999 - Formation sp\u00e9l\u00e9o-secours<\/a><\/td>\n<\/tr>\n<tr class=\"row-13 odd\">\n\t<td class=\"column-1\"><\/td><td class=\"column-2\">12<\/td><td class=\"column-3\"><a href=\"https:\/\/itopipinnuti.fr\/exitp\/Presse\/19991220_Corse_Matin_AG_Vizzavona.pdf\" target=\"_blank\" rel=\"noopener\">Corse Matin - 20 d\u00e9cembre 1999 - Assembl\u00e9e G\u00e9n\u00e9rale Vizzavona <\/a><\/td>\n<\/tr>\n<tr class=\"row-14 even\">\n\t<td class=\"column-1\"><\/td><td class=\"column-2\">13<\/td><td class=\"column-3\"><a href=\"https:\/\/itopipinnuti.fr\/exitp\/Presse\/19991231_Corse_hebdo_AG_Vizzavona.pdf\" target=\"_blank\" rel=\"noopener\">Corse Hebdo - 31 d\u00e9cembre 1999 - Assembl\u00e9e G\u00e9n\u00e9rale Vizzavona<\/a><\/td>\n<\/tr>\n<tr class=\"row-15 odd\">\n\t<td class=\"column-1\">2000<\/td><td class=\"column-2\">14<\/td><td class=\"column-3\"><a href=\"https:\/\/itopipinnuti.fr\/exitp\/Presse\/20000224_Corse_Matin_Camp_Crete.pdf\" target=\"_blank\" rel=\"noopener\">Corse Matin - 24 f\u00e9vrier 2000 - Camp Cr\u00eate<\/a><\/td>\n<\/tr>\n<tr class=\"row-16 even\">\n\t<td class=\"column-1\"><\/td><td class=\"column-2\">15<\/td><td class=\"column-3\"><a href=\"https:\/\/itopipinnuti.fr\/exitp\/Presse\/20000917_Corse_Matin_Voyage_centre_terre.pdf\" target=\"_blank\" rel=\"noopener\">Corse Matin - 17 septembre 2000 - Voyage au centre de la terre<\/a><\/td>\n<\/tr>\n<tr class=\"row-17 odd\">\n\t<td class=\"column-1\"><\/td><td class=\"column-2\">16<\/td><td class=\"column-3\"><a href=\"https:\/\/itopipinnuti.fr\/exitp\/Presse\/20001003_Corse_Matin_Camp_Crete.pdf\" target=\"_blank\" rel=\"noopener\">Corse Matin - 3 octobre 2000 - Camp cr\u00eate<\/a><\/td>\n<\/tr>\n<tr class=\"row-18 even\">\n\t<td class=\"column-1\"><\/td><td class=\"column-2\">17<\/td><td class=\"column-3\"><a href=\"https:\/\/itopipinnuti.fr\/exitp\/Presse\/20001212_Corse_Matin_AG_Chisa.pdf\" target=\"_blank\" rel=\"noopener\">Corse Matin - 12 d\u00e9cembre 2000 - Assembl\u00e9e G\u00e9n\u00e9rale Chis\u00e0<\/a><\/td>\n<\/tr>\n<tr class=\"row-19 odd\">\n\t<td class=\"column-1\"><\/td><td class=\"column-2\">18<\/td><td class=\"column-3\"><a href=\"https:\/\/itopipinnuti.fr\/exitp\/Presse\/20001228_Corse_Matin_Dernieres_techniques_pour_sauver.pdf\" target=\"_blank\" rel=\"noopener\">Corse Matin - 28 d\u00e9cembre 2000 - Derni\u00e8res techniques pour sauver<\/a><\/td>\n<\/tr>\n<tr class=\"row-20 even\">\n\t<td class=\"column-1\">2001<\/td><td class=\"column-2\">19<\/td><td class=\"column-3\"><a href=\"https:\/\/itopipinnuti.fr\/exitp\/Presse\/20010108_Corse_Matin_Chapelle.pdf\" target=\"_blank\" rel=\"noopener\">Corse Matin - 8 janvier 2001 - Chapelle<\/a><\/td>\n<\/tr>\n<tr class=\"row-21 odd\">\n\t<td class=\"column-1\"><\/td><td class=\"column-2\">20<\/td><td class=\"column-3\"><a href=\"https:\/\/itopipinnuti.fr\/exitp\/Presse\/20010311_Corse_Matin_Initiation_speleo_etudiantes.pdf\" target=\"_blank\" rel=\"noopener\">Corse Matin - 11 mars 2001 - Initiation sp\u00e9l\u00e9o<\/a><\/td>\n<\/tr>\n<tr class=\"row-22 even\">\n\t<td class=\"column-1\"><\/td><td class=\"column-2\">21<\/td><td class=\"column-3\"><a href=\"https:\/\/itopipinnuti.fr\/exitp\/Presse\/20010622_Corse_Matin_Initiation_ecole_Travo.pdf\" target=\"_blank\" rel=\"noopener\">Corse Matin - 22 juin 2001 - \u00c9cole de Travo<\/a><\/td>\n<\/tr>\n<tr class=\"row-23 odd\">\n\t<td class=\"column-1\"><\/td><td class=\"column-2\">22<\/td><td class=\"column-3\"><a href=\"https:\/\/itopipinnuti.fr\/exitp\/Presse\/20010805_Corse_Matin_Initiation_canyon.pdf\" target=\"_blank\" rel=\"noopener\">Corse Matin - 5 ao\u00fbt 2001 - Initiation canyon<\/a><\/td>\n<\/tr>\n<tr class=\"row-24 even\">\n\t<td class=\"column-1\"><\/td><td class=\"column-2\">23<\/td><td class=\"column-3\"><a href=\"https:\/\/itopipinnuti.fr\/exitp\/Presse\/20010901_Corse_Matin_Conference_Oletta.pdf\" target=\"_blank\" rel=\"noopener\">Corse Matin - 1er septembre 2001 - Conf\u00e9rence Oletta<\/a><\/td>\n<\/tr>\n<tr class=\"row-25 odd\">\n\t<td class=\"column-1\"><\/td><td class=\"column-2\">24<\/td><td class=\"column-3\"><a href=\"https:\/\/itopipinnuti.fr\/exitp\/Presse\/20010923_Corse_Matin_Fete_du_sport.pdf\" target=\"_blank\" rel=\"noopener\">Corse Matin - 23 septembre 2001 - F\u00eate du sport Bastia<\/a><\/td>\n<\/tr>\n<tr class=\"row-26 even\">\n\t<td class=\"column-1\"><\/td><td class=\"column-2\">25<\/td><td class=\"column-3\"><a href=\"https:\/\/itopipinnuti.fr\/exitp\/Presse\/20010924_Corse_Matin_Fete_du_sport.pdf\" target=\"_blank\" rel=\"noopener\">Corse Matin - 24 septembre 2001 - F\u00eate du sport Bastia<\/a><\/td>\n<\/tr>\n<tr class=\"row-27 odd\">\n\t<td class=\"column-1\"><\/td><td class=\"column-2\">26<\/td><td class=\"column-3\"><a href=\"https:\/\/itopipinnuti.fr\/exitp\/Presse\/20011104_Corse_Matin_Camp_Sardaigne.pdf\" target=\"_blank\" rel=\"noopener\">Corse Matin - 4 novembre 2001 - Camp Sardaigne<\/a><\/td>\n<\/tr>\n<tr class=\"row-28 even\">\n\t<td class=\"column-1\"><\/td><td class=\"column-2\">27<\/td><td class=\"column-3\"><a href=\"https:\/\/itopipinnuti.fr\/exitp\/Presse\/20011226_Corse%20Matin_AG_San_Martino_di_Lota.pdf\" target=\"_blank\" rel=\"noopener\">Corse Matin - 26 d\u00e9cembre 2001 - Assembl\u00e9e G\u00e9n\u00e9rale San Martino di Lota<\/a><\/td>\n<\/tr>\n<tr class=\"row-29 odd\">\n\t<td class=\"column-1\">2002<\/td><td class=\"column-2\">28<\/td><td class=\"column-3\"><a href=\"https:\/\/itopipinnuti.fr\/exitp\/Presse\/20020226_Corse_Matin_Decouverte_monde_souterrain.pdf\" target=\"_blank\" rel=\"noopener\">Corse Matin - 26 f\u00e9vrier 2002 d\u00e9couverte du milieu souterrain<\/a><\/td>\n<\/tr>\n<tr class=\"row-30 even\">\n\t<td class=\"column-1\"><\/td><td class=\"column-2\">29<\/td><td class=\"column-3\"><a href=\"https:\/\/itopipinnuti.fr\/exitp\/Presse\/20020907_Corse_Matin_Fete_du_sport.pdf\" target=\"_blank\" rel=\"noopener\">Corse Matin - F\u00eate du sport 2002 Bastia<\/a><\/td>\n<\/tr>\n<tr class=\"row-31 odd\">\n\t<td class=\"column-1\">2003<\/td><td class=\"column-2\">30<\/td><td class=\"column-3\"><a href=\"https:\/\/itopipinnuti.fr\/exitp\/Presse\/20030714_Ambiante_A_la_conquete_monde_souterrain.pdf\" target=\"_blank\" rel=\"noopener\">Ambiante - Juillet 2003 - A la conqu\u00eate du monde souterrain<\/a><\/td>\n<\/tr>\n<tr class=\"row-32 even\">\n\t<td class=\"column-1\">2004<\/td><td class=\"column-2\">31<\/td><td class=\"column-3\"><a href=\"https:\/\/itopipinnuti.fr\/exitp\/Presse\/20041119_Corse_Hebdo_Hommes_de_l_ombre.pdf\" target=\"_blank\" rel=\"noopener\">Corse Hebdo - 19 novembre 2004 - Hommes de l'ombre<\/a><\/td>\n<\/tr>\n<tr class=\"row-33 odd\">\n\t<td class=\"column-1\">2005<\/td><td class=\"column-2\">32<\/td><td class=\"column-3\"><a href=\"https:\/\/itopipinnuti.fr\/exitp\/Presse\/20050705_Corse_Matin_Vin_dans_Cast.pdf\" target=\"_blank\" rel=\"noopener\">Corse Matin - 5 juillet 2005 - Vin dans Cast<\/a><\/td>\n<\/tr>\n<tr class=\"row-34 even\">\n\t<td class=\"column-1\">2006<\/td><td class=\"column-2\">33<\/td><td class=\"column-3\"><a href=\"https:\/\/itopipinnuti.fr\/exitp\/Presse\/20060208_Corse_Matin_Vol_chez_les_Topi.pdf\" target=\"_blank\" rel=\"noopener\">Corse Matin - 8 f\u00e9vrier 2006 - Du rififi chez les Topi<\/a><\/td>\n<\/tr>\n<tr class=\"row-35 odd\">\n\t<td class=\"column-1\"><\/td><td class=\"column-2\">34<\/td><td class=\"column-3\"><a href=\"https:\/\/itopipinnuti.fr\/exitp\/Presse\/20061024_Corse_Matin_Nouveau_local.pdf\" target=\"_blank\" rel=\"noopener\">Corse Matin - 24 octobre 2006 - Nouveau local<\/a><\/td>\n<\/tr>\n<tr class=\"row-36 even\">\n\t<td class=\"column-1\"><\/td><td class=\"column-2\">35<\/td><td class=\"column-3\"><a href=\"https:\/\/itopipinnuti.fr\/exitp\/Presse\/20061130_Corse_Matin_Exercice_secours_Lano.pdf\" target=\"_blank\" rel=\"noopener\">Corse Matin - 30 novembre 2006 - Exercice sp\u00e9l\u00e9o-secours Lano<\/a><\/td>\n<\/tr>\n<tr class=\"row-37 odd\">\n\t<td class=\"column-1\">2009<\/td><td class=\"column-2\">36<\/td><td class=\"column-3\"><a href=\"https:\/\/itopipinnuti.fr\/exitp\/Presse\/20091005_Corse_Matin_JNSC_Brando.pdf\" target=\"_blank\" rel=\"noopener\">Corse Matin - 5 octobre 2009 - JNSC Brando<\/a><\/td>\n<\/tr>\n<tr class=\"row-38 even\">\n\t<td class=\"column-1\"><\/td><td class=\"column-2\">37<\/td><td class=\"column-3\"><a href=\"https:\/\/itopipinnuti.fr\/exitp\/Presse\/20091011_Corse_Matin_JNSC_Brando.pdf\" target=\"_blank\" rel=\"noopener\">Corse Matin - 11 octobre 2009 - JNSC Brando<\/a><\/td>\n<\/tr>\n<tr class=\"row-39 odd\">\n\t<td class=\"column-1\"><\/td><td class=\"column-2\">38<\/td><td class=\"column-3\"><a href=\"https:\/\/itopipinnuti.fr\/exitp\/Presse\/20091218_Corse_Matin_25_ans_club.pdf\" target=\"_blank\" rel=\"noopener\">Corse Matin - 18 d\u00e9cembre 2009 - 25 ans du club<\/a><\/td>\n<\/tr>\n<tr class=\"row-40 even\">\n\t<td class=\"column-1\">2010<\/td><td class=\"column-2\">39<\/td><td class=\"column-3\"><a href=\"https:\/\/itopipinnuti.fr\/exitp\/Presse\/20100206_Corse_Matin_AG_LISC.pdf\" target=\"_blank\" rel=\"noopener\">Corse Matin - 6 f\u00e9vrier 2010 - AG LISC<\/a><\/td>\n<\/tr>\n<tr class=\"row-41 odd\">\n\t<td class=\"column-1\">2011<\/td><td class=\"column-2\">40<\/td><td class=\"column-3\"><a href=\"https:\/\/itopipinnuti.fr\/exitp\/Presse\/20110321_Corse_Matin_Exercice_secours_canyon.pdf\" target=\"_blank\" rel=\"noopener\">Corse Matin - 21 mars 2021 - Exercice secours canyon<\/a><\/td>\n<\/tr>\n<tr class=\"row-42 even\">\n\t<td class=\"column-1\"><\/td><td class=\"column-2\">41<\/td><td class=\"column-3\"><a href=\"https:\/\/itopipinnuti.fr\/exitp\/Presse\/20111002_Corse_Matin_JNSC_Brando.pdf\" target=\"_blank\" rel=\"noopener\">Corse Matin - 2 octobre 2011 - JNSC<\/a><\/td>\n<\/tr>\n<tr class=\"row-43 odd\">\n\t<td class=\"column-1\"><\/td><td class=\"column-2\">42<\/td><td class=\"column-3\"><a href=\"https:\/\/itopipinnuti.fr\/exitp\/Presse\/20111009_Corse_Matin_JNSC_Brando.pdf\" target=\"_blank\" rel=\"noopener\">Corse Matin - 9 octobre 2011 - JNSC<\/a><\/td>\n<\/tr>\n<tr class=\"row-44 even\">\n\t<td class=\"column-1\"><\/td><td class=\"column-2\">43<\/td><td class=\"column-3\"><a href=\"https:\/\/itopipinnuti.fr\/exitp\/Presse\/20111226_Corse_Matin_Pere_Noel_en_canyon.pdf\" target=\"_blank\" rel=\"noopener\">Corse Matin - 22 d\u00e9cembre 2011 - Canyon de No\u00ebl<\/a><\/td>\n<\/tr>\n<tr class=\"row-45 odd\">\n\t<td class=\"column-1\">2012<\/td><td class=\"column-2\">44<\/td><td class=\"column-3\"><a href=\"https:\/\/itopipinnuti.fr\/exitp\/Presse\/20120104_Corse_Matin_Babbi_Natale_2011.pdf\" target=\"_blank\" rel=\"noopener\">Corse Matin - 4 janvier 2012 - Babbi Pinnuti Natale<\/a><\/td>\n<\/tr>\n<tr class=\"row-46 even\">\n\t<td class=\"column-1\"><\/td><td class=\"column-2\">45<\/td><td class=\"column-3\"><a href=\"https:\/\/itopipinnuti.fr\/exitp\/Presse\/Corse%20Matin%2012%20mars%202012%20AG%20CDS%202B.pdf\" target=\"_blank\" rel=\"noopener\">Corse Matin - 12 mars 2012 - AG CDS 2B<\/a><\/td>\n<\/tr>\n<tr class=\"row-47 odd\">\n\t<td class=\"column-1\"><\/td><td class=\"column-2\">46<\/td><td class=\"column-3\"><a href=\"http:\/\/topipinnuti.free.fr\/Presse\/20120401_Corse_Matin_Exercice_secours_Oletta.pdf\" target=\"_blank\" rel=\"noopener\">Corse Matin - 1er avril 2012 - Exercice SSF 2B<\/a><\/td>\n<\/tr>\n<tr class=\"row-48 even\">\n\t<td class=\"column-1\">2013<\/td><td class=\"column-2\">47<\/td><td class=\"column-3\"><a href=\"https:\/\/itopipinnuti.fr\/exitp\/Presse\/Petit%20Perroquet%20mai%202013.pdf\" target=\"_blank\" rel=\"noopener\">Petit Perroquet - Mai 2013 - Album - Sortie Carpinetto<\/a><\/td>\n<\/tr>\n<tr class=\"row-49 odd\">\n\t<td class=\"column-1\"><\/td><td class=\"column-2\">48<\/td><td class=\"column-3\"><a href=\"https:\/\/itopipinnuti.fr\/exitp\/Presse\/20130704_Corse_Matin_Rando_pour_Mathis.pdf\" target=\"_blank\" rel=\"noopener\">Corse Matin - 4 juillet 2013 - Rando Pour Mathis<\/a><\/td>\n<\/tr>\n<tr class=\"row-50 even\">\n\t<td class=\"column-1\">2015<\/td><td class=\"column-2\">49<\/td><td class=\"column-3\"><a href=\"https:\/\/itopipinnuti.fr\/exitp\/Presse\/20150514_Corse_Matin_RIF_Ghisonaccia.pdf\" target=\"_blank\" rel=\"noopener\">Corse Matin - Jeudi 14 mai 2015 - RIF<\/a><\/td>\n<\/tr>\n<tr class=\"row-51 odd\">\n\t<td class=\"column-1\"><\/td><td class=\"column-2\">50<\/td><td class=\"column-3\"><a href=\"https:\/\/itopipinnuti.fr\/exitp\/Presse\/20151021_Corse_Matin_Monoxyles.pdf\" target=\"_blank\" rel=\"noopener\">Corse Matin - Mercredi 21 octobre 2015 - Monoxyles<\/a><\/td>\n<\/tr>\n<tr class=\"row-52 even\">\n\t<td class=\"column-1\"><\/td><td class=\"column-2\">51<\/td><td class=\"column-3\"><a href=\"https:\/\/itopipinnuti.fr\/exitp\/Presse\/20151025_Corse_Matin_Monoxyles.pdf\" target=\"_blank\" rel=\"noopener\">Corse Matin - Dimanche 25 octobre 2015 - Monoxyles<\/a><\/td>\n<\/tr>\n<tr class=\"row-53 odd\">\n\t<td class=\"column-1\">2016<\/td><td class=\"column-2\">52<\/td><td class=\"column-3\"><a href=\"https:\/\/itopipinnuti.fr\/exitp\/Presse\/20160128_Corse_Matin_Monoxyles.pdf\" target=\"_blank\" rel=\"noopener\">Corse Matin - Jeudi 28 janvier 2016 - Arch\u00e9ologie, le d\u00e9but d'un nouvel \u00e2ge d'or<\/a><\/td>\n<\/tr>\n<tr class=\"row-54 even\">\n\t<td class=\"column-1\"><\/td><td class=\"column-2\">53<\/td><td class=\"column-3\"><a href=\"https:\/\/itopipinnuti.fr\/exitp\/Presse\/20160517_Corse_Matin_Exercice_secours_Oletta.pdf\" target=\"_blank\" rel=\"noopener\">Corse Matin - Mardi 17 mai 2016 - Simulation de secours pour SSF 2B<\/a><\/td>\n<\/tr>\n<tr class=\"row-55 odd\">\n\t<td class=\"column-1\"><\/td><td class=\"column-2\">54<\/td><td class=\"column-3\"><a href=\"https:\/\/itopipinnuti.fr\/exitp\/Presse\/20160603_Settimana_Monoxyles.pdf\" target=\"_blank\" rel=\"noopener\">Corse Matin \/ Settimana - Vendredi 3 juin 2016 - La montagnes aux tombes mill\u00e9naires<\/a><\/td>\n<\/tr>\n<tr class=\"row-56 even\">\n\t<td class=\"column-1\">2017<\/td><td class=\"column-2\">55<\/td><td class=\"column-3\"><a href=\"https:\/\/itopipinnuti.fr\/exitp\/Presse\/20170614_Le_Monde_Monoxyles.pdf\" target=\"_blank\" rel=\"noopener\">Le Monde - Mercredi 14 juin 2017 - En Corse, des morts entre ciel et terre<\/a><\/td>\n<\/tr>\n<tr class=\"row-57 odd\">\n\t<td class=\"column-1\"><\/td><td class=\"column-2\">56<\/td><td class=\"column-3\"><a href=\"https:\/\/itopipinnuti.fr\/exitp\/Presse\/20170615_Sciences_Avenir_Monoxyles.pdf\" target=\"_blank\" rel=\"noopener\">Sciences et Avenir - Jeudi 15 juin 2017 - Des cercueils de bois de l\u2019\u00e2ge du bronze retrouv\u00e9s en Corse<\/a><\/td>\n<\/tr>\n<tr class=\"row-58 even\">\n\t<td class=\"column-1\"><\/td><td class=\"column-2\">57<\/td><td class=\"column-3\"><a href=\"https:\/\/itopipinnuti.fr\/exitp\/Presse\/20171023_Corse_Matin_Exercice_secours_Santa_Catalina.pdf\" target=\"_blank\" rel=\"noopener\">Corse Matin - Lundi 23 octobre 2017 - Exercice secours, Santa Catalina<\/a><\/td>\n<\/tr>\n<tr class=\"row-59 odd\">\n\t<td class=\"column-1\">2018<\/td><td class=\"column-2\">58<\/td><td class=\"column-3\"><a href=\"https:\/\/itopipinnuti.fr\/exitp\/Presse\/20180824_Settimana_Urbex.pdf\" target=\"_blank\" rel=\"noopener\">Corse Matin \/ Settimana - Vendredi 24 aout 2018 - Urbex<\/a><\/td>\n<\/tr>\n<tr class=\"row-60 even\">\n\t<td class=\"column-1\"><\/td><td class=\"column-2\">59<\/td><td class=\"column-3\"><a href=\"https:\/\/itopipinnuti.fr\/exitp\/Presse\/20181005_Corse_Matin_Stage_ASV.pdf\" target=\"_blank\" rel=\"noopener\">Corse Matin - Vendredi 5 octobre 2018 - Stage ASV<\/a><\/td>\n<\/tr>\n<tr class=\"row-61 odd\">\n\t<td class=\"column-1\">2019<\/td><td class=\"column-2\">60<\/td><td class=\"column-3\"><a href=\"https:\/\/itopipinnuti.fr\/exitp\/Presse\/20190109_Corse_Matin_Oublies_Laninca.pdf\" target=\"_blank\" rel=\"noopener\">Corse Matin - Mercredi 9 janvier 2019 - Annonce \u00ab Les oubli\u00e9s de Laninca \u00bb<\/a><\/td>\n<\/tr>\n<tr class=\"row-62 even\">\n\t<td class=\"column-1\">2020<\/td><td class=\"column-2\">61<\/td><td class=\"column-3\"><a href=\"https:\/\/itopipinnuti.fr\/exitp\/Presse\/20200805_Corse_Matin_Citerne_puits_Bonifacio.pdf\" target=\"_blank\" rel=\"noopener\">Corse Matin - Mercredi 5 aout 2020 - \u00ab Faut pas r\u00eaver \u00bb \u00e0 la rencontre de la Corse insolite<\/a><\/td>\n<\/tr>\n<tr class=\"row-63 odd\">\n\t<td class=\"column-1\"><\/td><td class=\"column-2\">62<\/td><td class=\"column-3\"><a href=\"https:\/\/itopipinnuti.fr\/exitp\/Presse\/20201007_Corse_Matin_Fortin_Pasciola.pdf\" target=\"_blank\" rel=\"noopener\">Corse Matin - Mercredi 7 octobre 2020 - \u00ab Fouilles du Fortin de Pasciola \u00bb<\/a><\/td>\n<\/tr>\n<tr class=\"row-64 even\">\n\t<td class=\"column-1\">2021<\/td><td class=\"column-2\">63<\/td><td class=\"column-3\"><a href=\"https:\/\/itopipinnuti.fr\/exitp\/Presse\/20210407_Corse_Matin_Biospeleo_corse.pdf\" target=\"_blank\" rel=\"noopener\">Corse Matin - Mercredi 7 avril 2021 - \u00ab Huit esp\u00e8ces uniques au monde d\u00e9couvertes en Corse \u00bb<\/a><\/td>\n<\/tr>\n<tr class=\"row-65 odd\">\n\t<td class=\"column-1\"><\/td><td class=\"column-2\">64<\/td><td class=\"column-3\"><a href=\"https:\/\/itopipinnuti.fr\/exitp\/Presse\/20210524_Corse_Matin_Voyage_au_centre_de_la_Corse.pdf\" target=\"_blank\" rel=\"noopener\">Corse Matin - Lundi 24 mai 2021 - \u00ab Voyage au centre de la Corse \u00bb<\/a><\/td>\n<\/tr>\n<tr class=\"row-66 even\">\n\t<td class=\"column-1\"><\/td><td class=\"column-2\">65<\/td><td class=\"column-3\"><a href=\"https:\/\/itopipinnuti.fr\/exitp\/Presse\/20210618_Corse_Matin_JNSC_Canyon_Sorio.pdf\" target=\"_blank\" rel=\"noopener\">Corse Matin - Vendredi 18 juin 2021 - \u00ab Sorio Initiation au canyoning \u00bb<\/a><\/td>\n<\/tr>\n<tr class=\"row-67 odd\">\n\t<td class=\"column-1\"><\/td><td class=\"column-2\">66<\/td><td class=\"column-3\"><a href=\"https:\/\/itopipinnuti.fr\/exitp\/Presse\/20210704_Corse_Matin_Myotis_Nustrale.pdf\" target=\"_blank\" rel=\"noopener\">Corse Matin - Dimanche 4 juillet 2021 - Myotis Nustrale<\/a><\/td>\n<\/tr>\n<tr class=\"row-68 even\">\n\t<td class=\"column-1\"><\/td><td class=\"column-2\">67<\/td><td class=\"column-3\"><a href=\"https:\/\/itopipinnuti.fr\/exitp\/Presse\/20210710_Corse_Matin_Decouverte_canyonisme.pdf\" target=\"_blank\" rel=\"noopener\">Corse Matin - Samedi 10 juillet 2021 - D\u00e9couverte du canyonisme<\/a><\/td>\n<\/tr>\n<tr class=\"row-69 odd\">\n\t<td class=\"column-1\">2022<\/td><td class=\"column-2\">68<\/td><td class=\"column-3\"><a href=\"https:\/\/itopipinnuti.fr\/exitp\/Presse\/20220122_Corse_Matin_Monoxyles_reconstitution.pdf\" target=\"_blank\" rel=\"noopener\">Corse Matin - Samedi 22 janvier 2022 - Reproduction de boites fun\u00e9raires de l'\u00e2ge du Bronze<\/a><\/td>\n<\/tr>\n<tr class=\"row-70 even\">\n\t<td class=\"column-1\"><\/td><td class=\"column-2\">69<\/td><td class=\"column-3\"><a href=\"https:\/\/itopipinnuti.fr\/exitp\/Presse\/ICN-6924_mai-2022.pdf\" target=\"_blank\" rel=\"noopener\">Informateur Corse Nouvelle n\u00b06924 - Vendredi 6 mai 2022 - Les r\u00e9pliques des coffres fun\u00e9raires de Lanu<\/a><\/td>\n<\/tr>\n<tr class=\"row-71 odd\">\n\t<td class=\"column-1\"><\/td><td class=\"column-2\">70<\/td><td class=\"column-3\"><a href=\"https:\/\/itopipinnuti.fr\/exitp\/Presse\/20220513_Corse_Matin_Canyons%20avec%20LISC%20et%20ITP.pdf\" target=\"_blank\" rel=\"noopener\">Corse Matin - Vendredi 13 mai 2022 - Dans les canyons avec la LISC et ITP<\/a><\/td>\n<\/tr>\n<tr class=\"row-72 even\">\n\t<td class=\"column-1\">2023<\/td><td class=\"column-2\">71<\/td><td class=\"column-3\"><a href=\"https:\/\/itopipinnuti.fr\/exitp\/Presse\/20230217_Corse_Matin_Settimana_Au_coeur_de_la_Corse.pdf\" target=\"_blank\" rel=\"noopener\">Corse Matin Settimana - Vendredi 17 f\u00e9vrier 2023 - Au coeur de la Corse<\/a><\/td>\n<\/tr>\n<tr class=\"row-73 odd\">\n\t<td class=\"column-1\"><\/td><td class=\"column-2\">72<\/td><td class=\"column-3\"><a href=\"https:\/\/itopipinnuti.fr\/exitp\/Presse\/20230609_Corse_Matin_Settimana_Profondeurs_ile.pdf\" target=\"_blank\" rel=\"noopener\">Corse Matin Settimana - Vendredi 9 juin 2023 - Dans les profondeurs de l'\u00eele des tr\u00e9sors insoup\u00e7onn\u00e9s<\/a><\/td>\n<\/tr>\n<tr class=\"row-74 even\">\n\t<td class=\"column-1\"><\/td><td class=\"column-2\">73<\/td><td class=\"column-3\"><a href=\"https:\/\/itopipinnuti.fr\/exitp\/Presse\/20230910_Corse_Matin_Fete _du_Sport.pdf\" target=\"_blank\" rel=\"noopener\">Corse Matin - Dimanche 10 septembre 2023 - F\u00eate du Sport<\/a><\/td>\n<\/tr>\n<tr class=\"row-75 odd\">\n\t<td class=\"column-1\"><\/td><td class=\"column-2\">74<\/td><td class=\"column-3\"><a href=\"https:\/\/itopipinnuti.fr\/exitp\/Presse\/20231101_QUI_Magazine_n8_Entomologie_souterraine_corse.pdf\" target=\"_blank\" rel=\"noopener\">Qui Magazine - N\u00b08 Novembre 2023 - Entomologie souterraine corse<\/a><\/td>\n<\/tr>\n<tr class=\"row-76 even\">\n\t<td class=\"column-1\">2024<\/td><td class=\"column-2\">75<\/td><td class=\"column-3\"><a href=\"https:\/\/itopipinnuti.fr\/exitp\/Presse\/20240721_Corse_Matin_Les_tresors_secrets_du_puits_Saint-Barthelemy.pdf\" target=\"_blank\" rel=\"noopener\"> Corse Matin - Dimanche 21 juillet 2024 - Les tr\u00e9sors secrets du puits Saint-Barth\u00e9l\u00e9my<\/a><\/td>\n<\/tr>\n<\/tbody>\n<tfoot>\n<tr class=\"row-77 odd\">\n\t<th class=\"column-1\">Ann\u00e9e<\/th><th class=\"column-2\"><\/th><th class=\"column-3\">Article<\/th>\n<\/tr>\n<\/tfoot>\n<\/table>\n<!-- #tablepress-7 from cache -->\n<p>&nbsp;<\/p>\n","protected":false},"excerpt":{"rendered":"<p>&nbsp;<\/p>\n","protected":false},"author":5,"featured_media":0,"parent":0,"menu_order":0,"comment_status":"closed","ping_status":"closed","template":"","meta":[],"_links":{"self":[{"href":"https:\/\/itopipinnuti.fr\/index.php?rest_route=\/wp\/v2\/pages\/399"}],"collection":[{"href":"https:\/\/itopipinnuti.fr\/index.php?rest_route=\/wp\/v2\/pages"}],"about":[{"href":"https:\/\/itopipinnuti.fr\/index.php?rest_route=\/wp\/v2\/types\/page"}],"author":[{"embeddable":true,"href":"https:\/\/itopipinnuti.fr\/index.php?rest_route=\/wp\/v2\/users\/5"}],"replies":[{"embeddable":true,"href":"https:\/\/itopipinnuti.fr\/index.php?rest_route=%2Fwp%2Fv2%2Fcomments&post=399"}],"version-history":[{"count":4,"href":"https:\/\/itopipinnuti.fr\/index.php?rest_route=\/wp\/v2\/pages\/399\/revisions"}],"predecessor-version":[{"id":5042,"href":"https:\/\/itopipinnuti.fr\/index.php?rest_route=\/wp\/v2\/pages\/399\/revisions\/5042"}],"wp:attachment":[{"href":"https:\/\/itopipinnuti.fr\/index.php?rest_route=%2Fwp%2Fv2%2Fmedia&parent=399"}],"curies":[{"name":"wp","href":"https:\/\/api.w.org\/{rel}","templated":true}]}}