{"id":701,"date":"2022-11-30T21:17:58","date_gmt":"2022-11-30T20:17:58","guid":{"rendered":"https:\/\/itopipinnuti.fr\/?page_id=701"},"modified":"2025-12-22T13:23:09","modified_gmt":"2025-12-22T12:23:09","slug":"adhesion","status":"publish","type":"page","link":"https:\/\/itopipinnuti.fr\/?page_id=701","title":{"rendered":"Adh\u00e9sion"},"content":{"rendered":"\r\n<h1 style=\"text-align: center;\"><strong>Tarifs d&rsquo;adh\u00e9sion au club<\/strong><\/h1>\r\n\r\n\r\n\r\n<p>La cotisation annuelle se compose de la <strong>licence f\u00e9d\u00e9rale<\/strong>, de l&rsquo;<strong>assurance f\u00e9d\u00e9rale<\/strong> (ou d&rsquo;une autre assurance couvrant les activit\u00e9s de l&rsquo;association) et de la <strong>part club<\/strong>.<\/p>\r\n\r\n\r\n\r\n<p>La cotisation est valable du 1<sup>er<\/sup> janvier au 31 d\u00e9cembre.<\/p>\r\n\r\n\r\n\r\n<p>Une <strong>1\u00e8re adh\u00e9sion<\/strong> FFS prise \u00e0 partir du 1<sup>er<\/sup> septembre est valable jusqu&rsquo;au 31 d\u00e9cembre de l&rsquo;ann\u00e9e qui suit.<\/p>\r\n\r\n\r\n\r\n<p>Demi-tarif pour une <strong>1<sup>\u00e8re<\/sup> adh\u00e9sion<\/strong> FFS prise \u00e0 partir du 1er juin.<\/p>\r\n\r\n\r\n\r\n<h3><span style=\"text-decoration: underline; color: #ff0000;\"><strong>Licence f\u00e9d\u00e9rale 2026<\/strong><\/span><\/h3>\r\n<p>Licence plein tarif : <em>81<span class=\"has-inline-color has-green-color\">,50 \u20ac<\/span><\/em><br \/>Tarif Famille (\u00e0 partir du 2\u00e8me membre, si le 1<sup>er<\/sup> membre de la famille a pris sa licence \u00ab Tarif normal \u00bb) : <em><span class=\"has-inline-color has-green-color\">53,00 \u20ac<\/span><\/em><br \/>Tarif Jeune -26 ans : <em><span class=\"has-inline-color has-green-color\">53,00<\/span><\/em><em><span class=\"has-inline-color has-green-color\">\u00a0\u20ac<\/span><\/em><br \/>Tarif Sp\u00e9ciale JNSC (valable jusqu&rsquo;au 31\/12\/2025) : <em><span class=\"has-inline-color has-green-color\">53,00<\/span><\/em><em><span class=\"has-inline-color has-green-color\">\u00a0\u20ac<\/span><\/em><br \/>Licence 1<sup>\u00e8re<\/sup> adh\u00e9sion FFS \u00e0 partir du 1<sup>er<\/sup> juin : <em><span class=\"has-inline-color has-green-color\">53,00<\/span><\/em><em><span class=\"has-inline-color has-green-color\">\u00a0\u20ac<\/span><\/em><\/p>\r\n\r\n\r\n\r\n<p><em>Tarif licence \u00ab Famille \u00bb : Ce tarif est accord\u00e9 aux adh\u00e9rents d&rsquo;une m\u00eame famille,\u00a0<strong>domicili\u00e9s \u00e0 la m\u00eame adresse<\/strong>, \u00e0 partir du deuxi\u00e8me membre (\u00e0 condition que le premier membre de la famille ait pris sa licence \u00ab Tarif normal \u00bb). La r\u00e9duction s&rsquo;applique uniquement sur le montant de la\u00a0<span style=\"text-decoration: underline;\">licence f\u00e9d\u00e9rale<\/span>.<\/em><\/p>\r\n\r\n\r\n\r\n<p><em>Tarif licence \u00ab jeunes \u00bb : Ce tarif est accord\u00e9 aux membres de moins de 26 ans (\u00e0 la date de souscription). Une r\u00e9duction est appliqu\u00e9e sur le montant de la licence f\u00e9d\u00e9rale.<\/em><\/p>\r\n\r\n\r\n\r\n<p><em>Tarif licence Sp\u00e9ciale JNSC (offre valable jusqu&rsquo;au 31\/12\/2025) : Ce tarif est accord\u00e9 aux participants aux JNSC 2024 qui se f\u00e9d\u00e8rent pour la premi\u00e8re fois. La r\u00e9duction est appliqu\u00e9e sur le montant de la licence f\u00e9d\u00e9rale s&rsquo;ils adh\u00e9rent avant le 31 d\u00e9cembre 2025.<\/em><\/p>\r\n\r\n\r\n\r\n<p><em>Tarif licence 1<sup>\u00e8re<\/sup>\u00a0adh\u00e9sion apr\u00e8s le 1<sup>er<\/sup>\u00a0juin<\/em> (<em>assurance responsabilit\u00e9 civile incluse<\/em>)<br \/><em>Une remise sur la licence f\u00e9d\u00e9rale est accord\u00e9e pour toute premi\u00e8re prise de licence apr\u00e8s le 1<sup>er<\/sup> juin 2025.<\/em><\/p>\r\n<p><span style=\"text-decoration: underline;\">Les remises ne se cumulent pas.<\/span><\/p>\r\n\r\n\r\n\r\n<h3><span style=\"text-decoration: underline; color: #ff0000;\"><strong>Assurance f\u00e9d\u00e9rale 2026<\/strong><\/span><\/h3>\r\n<p>Option 1 : <em><span class=\"has-inline-color has-green-color\">34,00 \u20ac<\/span><\/em><br \/>Option 1 tarif Jeune (-26 ans) : <em><span class=\"has-inline-color has-green-color\">17,20 \u20ac<\/span><\/em><br \/>Option 2 : <em><span class=\"has-inline-color has-green-color\">50,80 \u20ac<\/span><\/em><br \/>Option 3 : <em><span class=\"has-inline-color has-green-color\">65,10 \u20ac<\/span><\/em><\/p>\r\n\r\n\r\n\r\n<p><em>Tarif \u00ab\u00a0Famille\u00a0\u00bb : accessibles aux\u00a0familles de deux personnes ou plus et applicable sur les 3 options et\u00a0pour chaque membre. Par famille, il faut entendre \u00ab domicili\u00e9s \u00e0 la m\u00eame adresse \u00bb.\u00a0<strong>Ces 2 personnes ou plus doivent s&rsquo;inscrire en m\u00eame temps.<br \/><\/strong><\/em>Option 1 : <em><span class=\"has-inline-color has-green-color\">17,20 \u20ac<\/span><\/em><br \/>Option 2 : <em><span class=\"has-inline-color has-green-color\">26,30 \u20ac<\/span><\/em><br \/>Option 3 : <em><span class=\"has-inline-color has-green-color\">33,00 \u20ac<\/span><\/em><\/p>\r\n\r\n\r\n\r\n\r\n\r\n<p><em>Semestre : accessible aux personnes se f\u00e9d\u00e9rant pour\u00a0<strong>la 1<sup>ere<\/sup>\u00a0fois<\/strong>, apr\u00e8s le 1<sup>er<\/sup> juin 2025.<br \/><\/em>Option 1 : <em><span class=\"has-inline-color has-green-color\">19,20 \u20ac<\/span><\/em><br \/>Option 1 tarif Jeune (-26 ans) : <em><span class=\"has-inline-color has-green-color\">17,20 \u20ac<\/span><\/em><br \/>Option 2 : <em><span class=\"has-inline-color has-green-color\">33,50 \u20ac<\/span><\/em><br \/>Option 3 :<em> <span class=\"has-inline-color has-green-color\">45,70 \u20ac<\/span><\/em><\/p>\r\n\r\n\r\n\r\n\r\n\r\n<h3><span style=\"text-decoration: underline; color: #ff0000;\"><strong>Part club 2026<\/strong><\/span><\/h3>\r\n<p>Plein tarif : <em><span class=\"has-inline-color has-green-color\">11,00 \u20ac (\u00e0 confirmer par l&rsquo;AG)<\/span><\/em><br \/>Tarif -18 ans : <em><span class=\"has-inline-color has-green-color\">5,50 \u20ac (\u00e0 confirmer par l&rsquo;AG)<\/span><\/em><\/p>\r\n\r\n\r\n\r\n<h3><span style=\"text-decoration: underline; color: #ff0000;\"><strong>Abonnements<\/strong><\/span><\/h3>\r\n<p>Spelunca (4 num\u00e9ros par an) : <em>30<span class=\"has-inline-color has-green-color\">,00 \u20ac<\/span><\/em><br \/>Spelunca &#8211; Tarif nouvel abonn\u00e9 (dernier abonnement &gt; \u00e0 3 ans) : <em><span class=\"has-inline-color has-green-color\">15,00 \u20ac<\/span><\/em><br \/>Karstologia (2 num\u00e9ros par an) : <em><span class=\"has-inline-color has-green-color\">30,00 \u20ac<\/span><\/em><br \/>Spelunca &amp; Karstologia : <em><span class=\"has-inline-color has-green-color\">55,00 \u20ac<\/span><\/em><\/p>\r\n\r\n\r\n\r\n<h3><span style=\"text-decoration: underline; color: #ff0000;\"><strong><a id=\"Exemples\"><\/a>Exemples<\/strong><\/span><\/h3>\r\n<p>Cotisation pour un adulte :<br \/><em><span class=\"has-inline-color has-green-color\">81,50 + 34,00 + 11,00 = 126,50 \u20ac<\/span><\/em><br \/>Cotisation pour le 1<sup>er<\/sup> adulte formule famille :<br \/><em><span class=\"has-inline-color has-green-color\">81,50 + 17,20 + 11,00 = 109,70 \u20ac<\/span><\/em><br \/>Cotisation pour le conjoint :<br \/><em><span class=\"has-inline-color has-green-color\">53,00 + 17,20 + 11,00 = 81,20 \u20ac<\/span><\/em><br \/>Cotisation pour le 1<sup>er<\/sup> adulte formule famille et le conjoint :<br \/><em><span class=\"has-inline-color has-green-color\">109,70 + 81,20 = 190,90 \u20ac<\/span><\/em><br \/>Cotisation pour un jeune de moins de 26 ans :<br \/><em><span class=\"has-inline-color has-green-color\">53,00 + 17,20 + 11,00 = 81,20 \u20ac<\/span><\/em><br \/>Cotisation pour un jeune de moins de 18 ans :<br \/><em><span class=\"has-inline-color has-green-color\">53,00 + 17,20 + 5,50 = 75,70 \u20ac<\/span><\/em><br \/>Cotisation pour une 1<sup>\u00e8re<\/sup> adh\u00e9sion FFS adulte apr\u00e8s le 1<sup>er<\/sup> juin :<br \/><em><span class=\"has-inline-color has-green-color\">53,00 + 19,20 + 11,00 = 83,20 \u20ac<\/span><\/em><\/p>\r\n\r\n\r\n\r\n<h3><span style=\"text-decoration: underline; color: #ff0000;\"><strong>Documentation f\u00e9d\u00e9rale<\/strong><\/span><\/h3>\r\n<p>Tarifs f\u00e9d\u00e9raux 2026 complets : <a href=\"https:\/\/ffspeleo.fr\/adherer.html#tarifs2026\" target=\"_blank\" rel=\"noreferrer noopener\" data-type=\"URL\" data-id=\"https:\/\/ffspeleo.fr\/tarifs_deux_mille_vingt-trois-310.html\">ici<\/a><br \/>Documentation f\u00e9d\u00e9rale : <a href=\"https:\/\/ffspeleo.fr\/adherer.html#DocumentationAdhesions\" target=\"_blank\" rel=\"noreferrer noopener\">l\u00e0<\/a><\/p>\r\n\r\n\r\n\r\n<h3><span style=\"text-decoration: underline;\"><span style=\"color: #ff0000;\"><strong>Important<\/strong><\/span><\/span><\/h3>\r\n<p>Tout nouvel adh\u00e9rent devra \u00e9galement fournir un certificat m\u00e9dical de moins d&rsquo;un an attestant de sa capacit\u00e9 \u00e0 pratiquer les activit\u00e9s du club, il sera \u00e0 renouveler tous les 5 ans. Le formulaire d&rsquo;adh\u00e9sion et le m\u00e9mento assurance sont disponibles dans la rubrique <a href=\"https:\/\/itopipinnuti.fr\/?page_id=1820\">T\u00e9l\u00e9chargements<\/a><\/p>\r\n\r\n\r\n\r\n<p>Le club met \u00e0 disposition de ses adh\u00e9rents du mat\u00e9riel collectif (cordes, amarrages \u2026) et individuel (baudriers, casques \u2026) n\u00e9cessaire \u00e0 la pratique de la sp\u00e9l\u00e9ologie et du canyonisme. Le mat\u00e9riel individuel est pr\u00eat\u00e9 durant toute la p\u00e9riode d\u2019apprentissage des activit\u00e9s, <strong>il est n\u00e9anmoins indispensable pour les membres ayant une pratique r\u00e9guli\u00e8re de s\u2019\u00e9quiper en mat\u00e9riel personnel<\/strong>.<\/p>\r\n","protected":false},"excerpt":{"rendered":"<p>Tarifs d&rsquo;adh\u00e9sion au club La cotisation annuelle se compose de la licence f\u00e9d\u00e9rale, de l&rsquo;assurance f\u00e9d\u00e9rale (ou d&rsquo;une autre assurance couvrant les activit\u00e9s de l&rsquo;association) et de la part club. La cotisation est valable du 1er janvier au 31 d\u00e9cembre. Une 1\u00e8re adh\u00e9sion FFS prise \u00e0 partir du 1er septembre est valable jusqu&rsquo;au 31 d\u00e9cembre [&hellip;]<\/p>\n","protected":false},"author":5,"featured_media":0,"parent":0,"menu_order":0,"comment_status":"closed","ping_status":"closed","template":"","meta":[],"_links":{"self":[{"href":"https:\/\/itopipinnuti.fr\/index.php?rest_route=\/wp\/v2\/pages\/701"}],"collection":[{"href":"https:\/\/itopipinnuti.fr\/index.php?rest_route=\/wp\/v2\/pages"}],"about":[{"href":"https:\/\/itopipinnuti.fr\/index.php?rest_route=\/wp\/v2\/types\/page"}],"author":[{"embeddable":true,"href":"https:\/\/itopipinnuti.fr\/index.php?rest_route=\/wp\/v2\/users\/5"}],"replies":[{"embeddable":true,"href":"https:\/\/itopipinnuti.fr\/index.php?rest_route=%2Fwp%2Fv2%2Fcomments&post=701"}],"version-history":[{"count":18,"href":"https:\/\/itopipinnuti.fr\/index.php?rest_route=\/wp\/v2\/pages\/701\/revisions"}],"predecessor-version":[{"id":7202,"href":"https:\/\/itopipinnuti.fr\/index.php?rest_route=\/wp\/v2\/pages\/701\/revisions\/7202"}],"wp:attachment":[{"href":"https:\/\/itopipinnuti.fr\/index.php?rest_route=%2Fwp%2Fv2%2Fmedia&parent=701"}],"curies":[{"name":"wp","href":"https:\/\/api.w.org\/{rel}","templated":true}]}}